CRAN Package Check Results for Package argo

Last updated on 2023-03-27 04:53:06 CEST.

Flavor Version Tinstall Tcheck Ttotal Status Flags
r-devel-linux-x86_64-debian-clang 3.0.1 11.74 154.67 166.41 NOTE
r-devel-linux-x86_64-debian-gcc 3.0.1 10.78 114.95 125.73 NOTE
r-devel-linux-x86_64-fedora-gcc 3.0.1 200.51 NOTE
r-devel-windows-x86_64 3.0.1 37.00 203.00 240.00 NOTE
r-patched-linux-x86_64 3.0.1 12.96 147.20 160.16 NOTE
r-release-linux-x86_64 3.0.1 10.60 146.99 157.59 NOTE
r-release-macos-arm64 3.0.1 53.00 NOTE
r-release-macos-x86_64 3.0.1 77.00 NOTE
r-release-windows-x86_64 3.0.1 33.00 212.00 245.00 NOTE
r-oldrel-macos-arm64 3.0.1 62.00 NOTE
r-oldrel-macos-x86_64 3.0.1 77.00 NOTE
r-oldrel-windows-ix86+x86_64 3.0.1 26.00 255.00 281.00 NOTE

Additional issues

donttest

Check Details

Version: 3.0.1
Check: LazyData
Result: NOTE
     'LazyData' is specified without a 'data' directory
Flavors: r-devel-linux-x86_64-debian-clang, r-devel-linux-x86_64-debian-gcc, r-devel-linux-x86_64-fedora-gcc, r-devel-windows-x86_64, r-patched-linux-x86_64, r-release-linux-x86_64, r-release-macos-arm64, r-release-macos-x86_64, r-release-windows-x86_64, r-oldrel-macos-arm64, r-oldrel-macos-x86_64, r-oldrel-windows-ix86+x86_64