Last updated on 2023-03-29 04:51:04 CEST.
Flavor | Version | Tinstall | Tcheck | Ttotal | Status | Flags |
---|---|---|---|---|---|---|
r-devel-linux-x86_64-debian-clang | 1.2-1 | 1.68 | 38.53 | 40.21 | OK | |
r-devel-linux-x86_64-debian-gcc | 1.2-1 | 1.25 | 30.33 | 31.58 | OK | |
r-devel-linux-x86_64-fedora-clang | 1.2-1 | 52.04 | NOTE | |||
r-devel-linux-x86_64-fedora-gcc | 1.2-1 | 50.04 | NOTE | |||
r-devel-windows-x86_64 | 1.2-1 | 27.00 | 0.00 | 27.00 | OK | |
r-patched-linux-x86_64 | 1.2-1 | 2.38 | 36.97 | 39.35 | OK | |
r-release-linux-x86_64 | 1.2-1 | 1.76 | 36.74 | 38.50 | OK | |
r-release-macos-arm64 | 1.2-1 | 23.00 | NOTE | |||
r-release-macos-x86_64 | 1.2-1 | 34.00 | NOTE | |||
r-release-windows-x86_64 | 1.2-1 | 22.00 | 91.00 | 113.00 | OK | |
r-oldrel-macos-arm64 | 1.2-1 | 29.00 | NOTE | |||
r-oldrel-macos-x86_64 | 1.2-1 | 44.00 | NOTE | |||
r-oldrel-windows-ix86+x86_64 | 1.2-1 | 5.00 | 70.00 | 75.00 | OK |
Version: 1.2-1
Check: data for non-ASCII characters
Result: NOTE
Note: found 76 marked Latin-1 strings
Flavors: r-devel-linux-x86_64-fedora-clang, r-devel-linux-x86_64-fedora-gcc, r-release-macos-arm64, r-release-macos-x86_64, r-oldrel-macos-arm64, r-oldrel-macos-x86_64