Last updated on 2023-02-08 04:51:50 CET.
Flavor | Version | Tinstall | Tcheck | Ttotal | Status | Flags |
---|---|---|---|---|---|---|
r-devel-linux-x86_64-debian-clang | 0.3.0 | 46.47 | 42.98 | 89.45 | NOTE | |
r-devel-linux-x86_64-debian-gcc | 0.3.0 | 36.17 | 33.60 | 69.77 | NOTE | |
r-devel-linux-x86_64-fedora-clang | 0.3.0 | 138.42 | NOTE | |||
r-devel-linux-x86_64-fedora-gcc | 0.3.0 | 145.04 | NOTE | |||
r-devel-windows-x86_64 | 0.3.0 | 176.00 | 122.00 | 298.00 | NOTE | |
r-patched-linux-x86_64 | 0.3.0 | 37.24 | 42.68 | 79.92 | OK | |
r-release-linux-x86_64 | 0.3.0 | 40.87 | 41.79 | 82.66 | OK | |
r-release-macos-arm64 | 0.3.0 | 48.00 | NOTE | |||
r-release-macos-x86_64 | 0.3.0 | 91.00 | OK | |||
r-release-windows-x86_64 | 0.3.0 | 76.00 | 132.00 | 208.00 | OK | |
r-oldrel-macos-arm64 | 0.3.0 | 49.00 | NOTE | |||
r-oldrel-macos-x86_64 | 0.3.0 | 98.00 | OK | |||
r-oldrel-windows-ix86+x86_64 | 0.3.0 | 120.00 | 113.00 | 233.00 | NOTE |
Version: 0.3.0
Check: C++ specification
Result: NOTE
Specified C++11: please update to current default of C++17
Flavors: r-devel-linux-x86_64-debian-clang, r-devel-windows-x86_64
Version: 0.3.0
Check: C++ specification
Result: NOTE
Specified C++11: please drop specification unless essential
Flavors: r-devel-linux-x86_64-debian-gcc, r-devel-linux-x86_64-fedora-clang, r-devel-linux-x86_64-fedora-gcc
Version: 0.3.0
Check: installed package size
Result: NOTE
installed size is 5.0Mb
sub-directories of 1Mb or more:
libs 4.5Mb
Flavors: r-release-macos-arm64, r-oldrel-macos-arm64, r-oldrel-windows-ix86+x86_64