CRAN Package Check Results for Package anomaly

Last updated on 2023-03-29 04:51:04 CEST.

Flavor Version Tinstall Tcheck Ttotal Status Flags
r-devel-linux-x86_64-debian-clang 4.0.2 77.86 133.32 211.18 NOTE
r-devel-linux-x86_64-debian-gcc 4.0.2 54.51 97.04 151.55 NOTE
r-devel-linux-x86_64-fedora-clang 4.0.2 343.35 NOTE
r-devel-linux-x86_64-fedora-gcc 4.0.2 247.29 NOTE
r-devel-windows-x86_64 4.0.2 137.00 0.00 137.00 NOTE
r-patched-linux-x86_64 4.0.2 63.85 122.30 186.15 NOTE
r-release-linux-x86_64 4.0.2 62.29 126.31 188.60 OK
r-release-macos-arm64 4.0.2 76.00 NOTE
r-release-macos-x86_64 4.0.2 121.00 NOTE
r-release-windows-x86_64 4.0.2 141.00 186.00 327.00 NOTE
r-oldrel-macos-arm64 4.0.2 81.00 NOTE
r-oldrel-macos-x86_64 4.0.2 97.00 NOTE
r-oldrel-windows-ix86+x86_64 4.0.2 189.00 249.00 438.00 NOTE

Check Details

Version: 4.0.2
Check: C++ specification
Result: NOTE
     Specified C++14: please drop specification unless essential
Flavors: r-devel-linux-x86_64-debian-clang, r-devel-linux-x86_64-debian-gcc, r-devel-linux-x86_64-fedora-clang, r-devel-linux-x86_64-fedora-gcc, r-devel-windows-x86_64, r-patched-linux-x86_64

Version: 4.0.2
Check: installed package size
Result: NOTE
     installed size is 5.8Mb
     sub-directories of 1Mb or more:
     data 4.1Mb
     libs 1.2Mb
Flavors: r-devel-windows-x86_64, r-release-macos-arm64, r-release-macos-x86_64, r-release-windows-x86_64, r-oldrel-macos-arm64, r-oldrel-macos-x86_64, r-oldrel-windows-ix86+x86_64