CRAN Package Check Results for Package altdoc

Last updated on 2023-03-31 04:51:40 CEST.

Flavor Version Tinstall Tcheck Ttotal Status Flags
r-devel-linux-x86_64-debian-clang 0.1.0 3.52 63.14 66.66 OK
r-devel-linux-x86_64-debian-gcc 0.1.0 2.82 47.46 50.28 OK
r-devel-linux-x86_64-fedora-clang 0.1.0 81.48 OK
r-devel-linux-x86_64-fedora-gcc 0.1.0 77.28 OK
r-devel-windows-x86_64 0.1.0 34.00 138.00 172.00 OK
r-patched-linux-x86_64 0.1.0 3.51 60.05 63.56 OK
r-release-linux-x86_64 0.1.0 3.16 62.56 65.72 OK
r-release-macos-arm64 0.1.0 34.00 OK
r-release-macos-x86_64 0.1.0 40.00 OK
r-release-windows-x86_64 0.1.0 26.00 141.00 167.00 OK
r-oldrel-macos-arm64 0.1.0 36.00 OK
r-oldrel-macos-x86_64 0.1.0 43.00 OK
r-oldrel-windows-ix86+x86_64 0.1.0 7.00 101.00 108.00 ERROR

Check Details

Version: 0.1.0
Check: tests
Result: ERROR
     Running 'spelling.R' [0s]
     Running 'testthat.R' [46s]
    Running the tests in 'tests/testthat.R' failed.
    Complete output:
     > library(testthat)
     > library(altdoc)
     >
     > test_check("altdoc")
     v Setting active project to 'D:/temp/RtmpmGCFLn/testpkg14e744d63cfa'
    
     -- Docs structure --------------------------------------------------------------
     v Folder 'docs' created.
     i No 'README' found. Created a default 'docs/README'.
     i No 'NEWS / Changelog' to include.
     i No 'Code of Conduct' to include.
     i No 'License / Licence' to include.
     v Functions reference created.
    
     -- Complete --------------------------------------------------------------------
     v Docute initialized.
     v Folder 'docs' put in '.Rbuildignore'.
     trying URL 'https://raw.githubusercontent.com/etiennebacher/conductor/master/hex-conductor.png'
     Content type 'image/png' length 29687 bytes (28 KB)
     ==================================================
     downloaded 28 KB
    
     trying URL 'https://raw.githubusercontent.com/etiennebacher/conductor/master/hex-conductor.png'
     Content type 'image/png' length 29687 bytes (28 KB)
     ==================================================
     downloaded 28 KB
    
     v Setting active project to '<no active project>'
     v Setting active project to 'D:/temp/RtmpmGCFLn/testpkg14e746f224df0'
    
     -- Docs structure --------------------------------------------------------------
     v Folder 'docs' created.
     i No 'README' found. Created a default 'docs/README'.
     i No 'NEWS / Changelog' to include.
     i No 'Code of Conduct' to include.
     i No 'License / Licence' to include.
     v Functions reference created.
    
     -- Vignettes -------------------------------------------------------------------
     i No vignettes to convert
    
     -- Complete --------------------------------------------------------------------
     v Docute initialized.
     v Folder 'docs' put in '.Rbuildignore'.
     v Writing 'README.md'
     * Update 'README.md' to include installation instructions.
    
     -- Update basic files ----------------------------------------------------------
     v 'README' updated.
     i No 'NEWS / Changelog' to include.
     i No 'Code of Conduct' to include.
     i No 'License / Licence' to include.
     v Functions reference updated.
    
     -- Update vignettes ------------------------------------------------------------
     i No vignettes to convert
    
     -- Complete --------------------------------------------------------------------
     v Documentation updated.
     i See `?altdoc::update_docs` to know what files are concerned.
     i Some files might have been reformatted. Get more info with `?altdoc:::reformat_md`.
     v Setting active project to '<no active project>'
     v Setting active project to 'D:/temp/RtmpmGCFLn/testpkg14e74654166a5'
    
     -- Docs structure --------------------------------------------------------------
     v Folder 'docs' created.
     i No 'README' found. Created a default 'docs/README'.
     i No 'NEWS / Changelog' to include.
     i No 'Code of Conduct' to include.
     i No 'License / Licence' to include.
     v Functions reference created.
    
     -- Vignettes -------------------------------------------------------------------
     i No vignettes to convert
    
     -- Complete --------------------------------------------------------------------
     v Docsify initialized.
     v Folder 'docs' put in '.Rbuildignore'.
     v Writing 'README.md'
     * Update 'README.md' to include installation instructions.
    
     -- Update basic files ----------------------------------------------------------
     v 'README' updated.
     i No 'NEWS / Changelog' to include.
     i No 'Code of Conduct' to include.
     i No 'License / Licence' to include.
     v Functions reference updated.
    
     -- Update vignettes ------------------------------------------------------------
     i No vignettes to convert
    
     -- Complete --------------------------------------------------------------------
     v Documentation updated.
     i See `?altdoc::update_docs` to know what files are concerned.
     i Some files might have been reformatted. Get more info with `?altdoc:::reformat_md`.
     v Setting active project to '<no active project>'
     v Setting active project to 'D:/temp/RtmpmGCFLn/testpkg14e7456aa7f9d'
     v Writing 'NEWS.md'
    
     -- Docs structure --------------------------------------------------------------
     v Folder 'docs' created.
     i No 'README' found. Created a default 'docs/README'.
     v 'NEWS.md' imported.
     i No 'Code of Conduct' to include.
     i No 'License / Licence' to include.
     v Functions reference created.
    
     -- Vignettes -------------------------------------------------------------------
     i No vignettes to convert
    
     -- Complete --------------------------------------------------------------------
     v Docute initialized.
     v Folder 'docs' put in '.Rbuildignore'.
    
     -- Update basic files ----------------------------------------------------------
     i No 'README' to include.
     v 'NEWS / Changelog' updated.
     i No 'Code of Conduct' to include.
     i No 'License / Licence' to include.
     v Functions reference updated.
    
     -- Update vignettes ------------------------------------------------------------
     i No vignettes to convert
    
     -- Complete --------------------------------------------------------------------
     v Documentation updated.
     i See `?altdoc::update_docs` to know what files are concerned.
     i Some files might have been reformatted. Get more info with `?altdoc:::reformat_md`.
     v Setting active project to '<no active project>'
     v Setting active project to 'D:/temp/RtmpmGCFLn/testpkg14e744be84d69'
     v Writing 'NEWS.md'
    
     -- Docs structure --------------------------------------------------------------
     v Folder 'docs' created.
     i No 'README' found. Created a default 'docs/README'.
     v 'NEWS.md' imported.
     i No 'Code of Conduct' to include.
     i No 'License / Licence' to include.
     v Functions reference created.
    
     -- Vignettes -------------------------------------------------------------------
     i No vignettes to convert
    
     -- Complete --------------------------------------------------------------------
     v Docsify initialized.
     v Folder 'docs' put in '.Rbuildignore'.
    
     -- Update basic files ----------------------------------------------------------
     i No 'README' to include.
     v 'NEWS / Changelog' updated.
     i No 'Code of Conduct' to include.
     i No 'License / Licence' to include.
     v Functions reference updated.
    
     -- Update vignettes ------------------------------------------------------------
     i No vignettes to convert
    
     -- Complete --------------------------------------------------------------------
     v Documentation updated.
     i See `?altdoc::update_docs` to know what files are concerned.
     i Some files might have been reformatted. Get more info with `?altdoc:::reformat_md`.
     v Setting active project to '<no active project>'
     v Setting active project to 'D:/temp/RtmpmGCFLn/testpkg14e7416f84e37'
    
     -- Docs structure --------------------------------------------------------------
     v Folder 'docs' created.
     i No 'README' found. Created a default 'docs/README'.
     i No 'NEWS / Changelog' to include.
     i No 'Code of Conduct' to include.
     i No 'License / Licence' to include.
     v Functions reference created.
    
     -- Vignettes -------------------------------------------------------------------
     i No vignettes to convert
    
     -- Complete --------------------------------------------------------------------
     v Docsify initialized.
     v Folder 'docs' put in '.Rbuildignore'.
     v Writing 'NEWS.md'
    
     -- Update basic files ----------------------------------------------------------
     i No 'README' to include.
     i No 'Code of Conduct' to include.
     i No 'License / Licence' to include.
     v Functions reference updated.
    
     -- Update vignettes ------------------------------------------------------------
     i No vignettes to convert
    
     -- Complete --------------------------------------------------------------------
     v Documentation updated.
     i See `?altdoc::update_docs` to know what files are concerned.
     i Some files might have been reformatted. Get more info with `?altdoc:::reformat_md`.
     v Setting active project to '<no active project>'
     v Setting active project to 'D:/temp/RtmpmGCFLn/testpkg14e74570e12a8'
    
     -- Docs structure --------------------------------------------------------------
     v Folder 'docs' created.
     i No 'README' found. Created a default 'docs/README'.
     i No 'NEWS / Changelog' to include.
     i No 'Code of Conduct' to include.
     i No 'License / Licence' to include.
     v Functions reference created.
    
     -- Vignettes -------------------------------------------------------------------
     i No vignettes to convert
    
     -- Complete --------------------------------------------------------------------
     v Docute initialized.
     v Folder 'docs' put in '.Rbuildignore'.
     v Writing 'NEWS.md'
    
     -- Update basic files ----------------------------------------------------------
     i No 'README' to include.
     i No 'Code of Conduct' to include.
     i No 'License / Licence' to include.
     v Functions reference updated.
    
     -- Update vignettes ------------------------------------------------------------
     i No vignettes to convert
    
     -- Complete --------------------------------------------------------------------
     v Documentation updated.
     i See `?altdoc::update_docs` to know what files are concerned.
     i Some files might have been reformatted. Get more info with `?altdoc:::reformat_md`.
     v Setting active project to '<no active project>'
     v Setting active project to 'D:/temp/RtmpmGCFLn/testpkg14e741c9be2f'
    
     -- Docs structure --------------------------------------------------------------
     v Folder 'docs' created.
     i No 'README' found. Created a default 'docs/README'.
     i No 'NEWS / Changelog' to include.
     i No 'Code of Conduct' to include.
     i No 'License / Licence' to include.
     v Functions reference created.
    
     -- Vignettes -------------------------------------------------------------------
     i No vignettes to convert
    
     -- Complete --------------------------------------------------------------------
     v Docsify initialized.
     v Folder 'docs' put in '.Rbuildignore'.
    
     -- Update basic files ----------------------------------------------------------
     i No 'README' to include.
     i No 'Code of Conduct' to include.
     i No 'License / Licence' to include.
     v Functions reference updated.
    
     -- Update vignettes ------------------------------------------------------------
     i No vignettes to convert
    
     -- Complete --------------------------------------------------------------------
     v Documentation updated.
     i See `?altdoc::update_docs` to know what files are concerned.
     i Some files might have been reformatted. Get more info with `?altdoc:::reformat_md`.
     v Setting active project to '<no active project>'
     v Setting active project to 'D:/temp/RtmpmGCFLn/testpkg14e74790640b6'
    
     -- Docs structure --------------------------------------------------------------
     v Folder 'docs' created.
     i No 'README' found. Created a default 'docs/README'.
     i No 'NEWS / Changelog' to include.
     i No 'Code of Conduct' to include.
     i No 'License / Licence' to include.
     v Functions reference created.
    
     -- Vignettes -------------------------------------------------------------------
     i No vignettes to convert
    
     -- Complete --------------------------------------------------------------------
     v Docute initialized.
     v Folder 'docs' put in '.Rbuildignore'.
    
     -- Update basic files ----------------------------------------------------------
     i No 'README' to include.
     i No 'Code of Conduct' to include.
     i No 'License / Licence' to include.
     v Functions reference updated.
    
     -- Update vignettes ------------------------------------------------------------
     i No vignettes to convert
    
     -- Complete --------------------------------------------------------------------
     v Documentation updated.
     i See `?altdoc::update_docs` to know what files are concerned.
     i Some files might have been reformatted. Get more info with `?altdoc:::reformat_md`.
     v Setting active project to '<no active project>'
     v Setting active project to 'D:/temp/RtmpmGCFLn/testpkg14e745a3c2109'
     v Writing 'CODE_OF_CONDUCT.md'
     v Adding '^CODE_OF_CONDUCT\\.md$' to '.Rbuildignore'
     * You may also want to describe the code of conduct in your README:
     ## Code of Conduct
    
     Please note that the testpkg14e745a3c2109 project is released with a [Contributor Code of Conduct](https://contributor-covenant.org/version/2/1/CODE_OF_CONDUCT.html). By contributing to this project, you agree to abide by its terms.
    
     -- Docs structure --------------------------------------------------------------
     v Folder 'docs' created.
     i No 'README' found. Created a default 'docs/README'.
     i No 'NEWS / Changelog' to include.
     v 'Code of Conduct' imported.
     i No 'License / Licence' to include.
     v Functions reference created.
    
     -- Vignettes -------------------------------------------------------------------
     i No vignettes to convert
    
     -- Complete --------------------------------------------------------------------
     v Docute initialized.
     v Folder 'docs' put in '.Rbuildignore'.
    
     -- Update basic files ----------------------------------------------------------
     i No 'README' to include.
     i No 'NEWS / Changelog' to include.
     v 'Code of Conduct' updated.
     i No 'License / Licence' to include.
     v Functions reference updated.
    
     -- Update vignettes ------------------------------------------------------------
     i No vignettes to convert
    
     -- Complete --------------------------------------------------------------------
     v Documentation updated.
     i See `?altdoc::update_docs` to know what files are concerned.
     i Some files might have been reformatted. Get more info with `?altdoc:::reformat_md`.
     v Setting active project to '<no active project>'
     v Setting active project to 'D:/temp/RtmpmGCFLn/testpkg14e743b1526e6'
     v Writing 'CODE_OF_CONDUCT.md'
     v Adding '^CODE_OF_CONDUCT\\.md$' to '.Rbuildignore'
     * You may also want to describe the code of conduct in your README:
     ## Code of Conduct
    
     Please note that the testpkg14e743b1526e6 project is released with a [Contributor Code of Conduct](https://contributor-covenant.org/version/2/1/CODE_OF_CONDUCT.html). By contributing to this project, you agree to abide by its terms.
    
     -- Docs structure --------------------------------------------------------------
     v Folder 'docs' created.
     i No 'README' found. Created a default 'docs/README'.
     i No 'NEWS / Changelog' to include.
     v 'Code of Conduct' imported.
     i No 'License / Licence' to include.
     v Functions reference created.
    
     -- Vignettes -------------------------------------------------------------------
     i No vignettes to convert
    
     -- Complete --------------------------------------------------------------------
     v Docsify initialized.
     v Folder 'docs' put in '.Rbuildignore'.
    
     -- Update basic files ----------------------------------------------------------
     i No 'README' to include.
     i No 'NEWS / Changelog' to include.
     v 'Code of Conduct' updated.
     i No 'License / Licence' to include.
     v Functions reference updated.
    
     -- Update vignettes ------------------------------------------------------------
     i No vignettes to convert
    
     -- Complete --------------------------------------------------------------------
     v Documentation updated.
     i See `?altdoc::update_docs` to know what files are concerned.
     i Some files might have been reformatted. Get more info with `?altdoc:::reformat_md`.
     v Setting active project to '<no active project>'
     v Setting active project to 'D:/temp/RtmpmGCFLn/testpkg14e742a584cb0'
    
     -- Docs structure --------------------------------------------------------------
     v Folder 'docs' created.
     i No 'README' found. Created a default 'docs/README'.
     i No 'NEWS / Changelog' to include.
     i No 'Code of Conduct' to include.
     i No 'License / Licence' to include.
     v Functions reference created.
    
     -- Vignettes -------------------------------------------------------------------
     i No vignettes to convert
    
     -- Complete --------------------------------------------------------------------
     v Docsify initialized.
     v Folder 'docs' put in '.Rbuildignore'.
     v Writing 'CODE_OF_CONDUCT.md'
     v Adding '^CODE_OF_CONDUCT\\.md$' to '.Rbuildignore'
     * You may also want to describe the code of conduct in your README:
     ## Code of Conduct
    
     Please note that the testpkg14e742a584cb0 project is released with a [Contributor Code of Conduct](https://contributor-covenant.org/version/2/1/CODE_OF_CONDUCT.html). By contributing to this project, you agree to abide by its terms.
    
     -- Update basic files ----------------------------------------------------------
     i No 'README' to include.
     i No 'NEWS / Changelog' to include.
     i No 'License / Licence' to include.
     v Functions reference updated.
    
     -- Update vignettes ------------------------------------------------------------
     i No vignettes to convert
    
     -- Complete --------------------------------------------------------------------
     v Documentation updated.
     i See `?altdoc::update_docs` to know what files are concerned.
     i Some files might have been reformatted. Get more info with `?altdoc:::reformat_md`.
     v Setting active project to '<no active project>'
     v Setting active project to 'D:/temp/RtmpmGCFLn/testpkg14e743488925'
    
     -- Docs structure --------------------------------------------------------------
     v Folder 'docs' created.
     i No 'README' found. Created a default 'docs/README'.
     i No 'NEWS / Changelog' to include.
     i No 'Code of Conduct' to include.
     i No 'License / Licence' to include.
     v Functions reference created.
    
     -- Vignettes -------------------------------------------------------------------
     i No vignettes to convert
    
     -- Complete --------------------------------------------------------------------
     v Docute initialized.
     v Folder 'docs' put in '.Rbuildignore'.
     v Writing 'CODE_OF_CONDUCT.md'
     v Adding '^CODE_OF_CONDUCT\\.md$' to '.Rbuildignore'
     * You may also want to describe the code of conduct in your README:
     ## Code of Conduct
    
     Please note that the testpkg14e743488925 project is released with a [Contributor Code of Conduct](https://contributor-covenant.org/version/2/1/CODE_OF_CONDUCT.html). By contributing to this project, you agree to abide by its terms.
    
     -- Update basic files ----------------------------------------------------------
     i No 'README' to include.
     i No 'NEWS / Changelog' to include.
     i No 'License / Licence' to include.
     v Functions reference updated.
    
     -- Update vignettes ------------------------------------------------------------
     i No vignettes to convert
    
     -- Complete --------------------------------------------------------------------
     v Documentation updated.
     i See `?altdoc::update_docs` to know what files are concerned.
     i Some files might have been reformatted. Get more info with `?altdoc:::reformat_md`.
     v Setting active project to '<no active project>'
     v Setting active project to 'D:/temp/RtmpmGCFLn/testpkg14e741c8c22f6'
    
     -- Docs structure --------------------------------------------------------------
     v Folder 'docs' created.
     i No 'README' found. Created a default 'docs/README'.
     i No 'NEWS / Changelog' to include.
     i No 'Code of Conduct' to include.
     i No 'License / Licence' to include.
     v Functions reference created.
    
     -- Vignettes -------------------------------------------------------------------
     i No vignettes to convert
    
     -- Complete --------------------------------------------------------------------
     v Docsify initialized.
     v Folder 'docs' put in '.Rbuildignore'.
    
     -- Update basic files ----------------------------------------------------------
     i No 'README' to include.
     i No 'NEWS / Changelog' to include.
     i No 'License / Licence' to include.
     v Functions reference updated.
    
     -- Update vignettes ------------------------------------------------------------
     i No vignettes to convert
    
     -- Complete --------------------------------------------------------------------
     v Documentation updated.
     i See `?altdoc::update_docs` to know what files are concerned.
     i Some files might have been reformatted. Get more info with `?altdoc:::reformat_md`.
     v Setting active project to '<no active project>'
     v Setting active project to 'D:/temp/RtmpmGCFLn/testpkg14e747b834308'
    
     -- Docs structure --------------------------------------------------------------
     v Folder 'docs' created.
     i No 'README' found. Created a default 'docs/README'.
     i No 'NEWS / Changelog' to include.
     i No 'Code of Conduct' to include.
     i No 'License / Licence' to include.
     v Functions reference created.
    
     -- Vignettes -------------------------------------------------------------------
     i No vignettes to convert
    
     -- Complete --------------------------------------------------------------------
     v Docute initialized.
     v Folder 'docs' put in '.Rbuildignore'.
    
     -- Update basic files ----------------------------------------------------------
     i No 'README' to include.
     i No 'NEWS / Changelog' to include.
     i No 'License / Licence' to include.
     v Functions reference updated.
    
     -- Update vignettes ------------------------------------------------------------
     i No vignettes to convert
    
     -- Complete --------------------------------------------------------------------
     v Documentation updated.
     i See `?altdoc::update_docs` to know what files are concerned.
     i Some files might have been reformatted. Get more info with `?altdoc:::reformat_md`.
     v Setting active project to '<no active project>'
     v Setting active project to 'D:/temp/RtmpmGCFLn/testpkg14e741a8742ea'
     v Setting License field in DESCRIPTION to 'MIT + file LICENSE'
     v Writing 'LICENSE'
     v Writing 'LICENSE.md'
     v Adding '^LICENSE\\.md$' to '.Rbuildignore'
    
     -- Docs structure --------------------------------------------------------------
     v Folder 'docs' created.
     i No 'README' found. Created a default 'docs/README'.
     i No 'NEWS / Changelog' to include.
     i No 'Code of Conduct' to include.
     v 'LICENSE.md' imported.
     v Functions reference created.
    
     -- Vignettes -------------------------------------------------------------------
     i No vignettes to convert
    
     -- Complete --------------------------------------------------------------------
     v Docute initialized.
     v Folder 'docs' put in '.Rbuildignore'.
    
     -- Update basic files ----------------------------------------------------------
     i No 'README' to include.
     i No 'NEWS / Changelog' to include.
     i No 'Code of Conduct' to include.
     v 'License / Licence' updated.
     v Functions reference updated.
    
     -- Update vignettes ------------------------------------------------------------
     i No vignettes to convert
    
     -- Complete --------------------------------------------------------------------
     v Documentation updated.
     i See `?altdoc::update_docs` to know what files are concerned.
     i Some files might have been reformatted. Get more info with `?altdoc:::reformat_md`.
     v Setting active project to '<no active project>'
     v Setting active project to 'D:/temp/RtmpmGCFLn/testpkg14e74144e6846'
     v Setting License field in DESCRIPTION to 'MIT + file LICENSE'
     v Writing 'LICENSE'
     v Writing 'LICENSE.md'
     v Adding '^LICENSE\\.md$' to '.Rbuildignore'
    
     -- Docs structure --------------------------------------------------------------
     v Folder 'docs' created.
     i No 'README' found. Created a default 'docs/README'.
     i No 'NEWS / Changelog' to include.
     i No 'Code of Conduct' to include.
     v 'LICENSE.md' imported.
     v Functions reference created.
    
     -- Vignettes -------------------------------------------------------------------
     i No vignettes to convert
    
     -- Complete --------------------------------------------------------------------
     v Docsify initialized.
     v Folder 'docs' put in '.Rbuildignore'.
    
     -- Update basic files ----------------------------------------------------------
     i No 'README' to include.
     i No 'NEWS / Changelog' to include.
     i No 'Code of Conduct' to include.
     v 'License / Licence' updated.
     v Functions reference updated.
    
     -- Update vignettes ------------------------------------------------------------
     i No vignettes to convert
    
     -- Complete --------------------------------------------------------------------
     v Documentation updated.
     i See `?altdoc::update_docs` to know what files are concerned.
     i Some files might have been reformatted. Get more info with `?altdoc:::reformat_md`.
     v Setting active project to '<no active project>'
     v Setting active project to 'D:/temp/RtmpmGCFLn/testpkg14e7491449f2'
    
     -- Docs structure --------------------------------------------------------------
     v Folder 'docs' created.
     i No 'README' found. Created a default 'docs/README'.
     i No 'NEWS / Changelog' to include.
     i No 'Code of Conduct' to include.
     i No 'License / Licence' to include.
     v Functions reference created.
    
     -- Vignettes -------------------------------------------------------------------
     i No vignettes to convert
    
     -- Complete --------------------------------------------------------------------
     v Docsify initialized.
     v Folder 'docs' put in '.Rbuildignore'.
     v Setting License field in DESCRIPTION to 'MIT + file LICENSE'
     v Writing 'LICENSE'
     v Writing 'LICENSE.md'
     v Adding '^LICENSE\\.md$' to '.Rbuildignore'
    
     -- Update basic files ----------------------------------------------------------
     i No 'README' to include.
     i No 'NEWS / Changelog' to include.
     i No 'Code of Conduct' to include.
     v Functions reference updated.
    
     -- Update vignettes ------------------------------------------------------------
     i No vignettes to convert
    
     -- Complete --------------------------------------------------------------------
     v Documentation updated.
     i See `?altdoc::update_docs` to know what files are concerned.
     i Some files might have been reformatted. Get more info with `?altdoc:::reformat_md`.
     v Setting active project to '<no active project>'
     v Setting active project to 'D:/temp/RtmpmGCFLn/testpkg14e7453e6501'
    
     -- Docs structure --------------------------------------------------------------
     v Folder 'docs' created.
     i No 'README' found. Created a default 'docs/README'.
     i No 'NEWS / Changelog' to include.
     i No 'Code of Conduct' to include.
     i No 'License / Licence' to include.
     v Functions reference created.
    
     -- Vignettes -------------------------------------------------------------------
     i No vignettes to convert
    
     -- Complete --------------------------------------------------------------------
     v Docute initialized.
     v Folder 'docs' put in '.Rbuildignore'.
     v Setting License field in DESCRIPTION to 'MIT + file LICENSE'
     v Writing 'LICENSE'
     v Writing 'LICENSE.md'
     v Adding '^LICENSE\\.md$' to '.Rbuildignore'
    
     -- Update basic files ----------------------------------------------------------
     i No 'README' to include.
     i No 'NEWS / Changelog' to include.
     i No 'Code of Conduct' to include.
     v Functions reference updated.
    
     -- Update vignettes ------------------------------------------------------------
     i No vignettes to convert
    
     -- Complete --------------------------------------------------------------------
     v Documentation updated.
     i See `?altdoc::update_docs` to know what files are concerned.
     i Some files might have been reformatted. Get more info with `?altdoc:::reformat_md`.
     v Setting active project to '<no active project>'
     v Setting active project to 'D:/temp/RtmpmGCFLn/testpkg14e7479204599'
    
     -- Docs structure --------------------------------------------------------------
     v Folder 'docs' created.
     i No 'README' found. Created a default 'docs/README'.
     i No 'NEWS / Changelog' to include.
     i No 'Code of Conduct' to include.
     i No 'License / Licence' to include.
     v Functions reference created.
    
     -- Vignettes -------------------------------------------------------------------
     i No vignettes to convert
    
     -- Complete --------------------------------------------------------------------
     v Docsify initialized.
     v Folder 'docs' put in '.Rbuildignore'.
    
     -- Update basic files ----------------------------------------------------------
     i No 'README' to include.
     i No 'NEWS / Changelog' to include.
     i No 'Code of Conduct' to include.
     v Functions reference updated.
    
     -- Update vignettes ------------------------------------------------------------
     i No vignettes to convert
    
     -- Complete --------------------------------------------------------------------
     v Documentation updated.
     i See `?altdoc::update_docs` to know what files are concerned.
     i Some files might have been reformatted. Get more info with `?altdoc:::reformat_md`.
     v Setting active project to '<no active project>'
     v Setting active project to 'D:/temp/RtmpmGCFLn/testpkg14e74e853eb4'
    
     -- Docs structure --------------------------------------------------------------
     v Folder 'docs' created.
     i No 'README' found. Created a default 'docs/README'.
     i No 'NEWS / Changelog' to include.
     i No 'Code of Conduct' to include.
     i No 'License / Licence' to include.
     v Functions reference created.
    
     -- Vignettes -------------------------------------------------------------------
     i No vignettes to convert
    
     -- Complete --------------------------------------------------------------------
     v Docute initialized.
     v Folder 'docs' put in '.Rbuildignore'.
    
     -- Update basic files ----------------------------------------------------------
     i No 'README' to include.
     i No 'NEWS / Changelog' to include.
     i No 'Code of Conduct' to include.
     v Functions reference updated.
    
     -- Update vignettes ------------------------------------------------------------
     i No vignettes to convert
    
     -- Complete --------------------------------------------------------------------
     v Documentation updated.
     i See `?altdoc::update_docs` to know what files are concerned.
     i Some files might have been reformatted. Get more info with `?altdoc:::reformat_md`.
     v Setting active project to '<no active project>'
     v Setting active project to 'D:/temp/RtmpmGCFLn/testpkg14e74530d63bc'
    
     -- Docs structure --------------------------------------------------------------
     v Folder 'docs' created.
     i No 'README' found. Created a default 'docs/README'.
     i No 'NEWS / Changelog' to include.
     i No 'Code of Conduct' to include.
     i No 'License / Licence' to include.
     v Functions reference created.
    
     -- Vignettes -------------------------------------------------------------------
     i Found 1 vignette to convert.
     \ Converting vignette: 0/1
     v Converting vignette: 1/1 [594ms]
    
    
     x The conversion failed for the following vignettes:
     * 'basic.Rmd'
    
     i The folder 'vignettes' was not modified.
    
     -- Complete --------------------------------------------------------------------
     v Docute initialized.
     v Folder 'docs' put in '.Rbuildignore'.
    
     -- Update basic files ----------------------------------------------------------
     i No 'README' to include.
     i No 'NEWS / Changelog' to include.
     i No 'Code of Conduct' to include.
     i No 'License / Licence' to include.
     v Functions reference updated.
    
     -- Update vignettes ------------------------------------------------------------
     i Found 2 vignettes to convert.
     \ Converting vignettes: 0/2
     v Converting vignettes: 2/2 [402ms]
    
    
     x The conversion failed for the following vignettes:
     * 'basic.Rmd'
     * 'several-outputs.Rmd'
    
     i The folder 'vignettes' was not modified.
    
     -- Complete --------------------------------------------------------------------
     v Documentation updated.
     i See `?altdoc::update_docs` to know what files are concerned.
     i Some files might have been reformatted. Get more info with `?altdoc:::reformat_md`.
     v Setting active project to '<no active project>'
     v Setting active project to 'D:/temp/RtmpmGCFLn/testpkg14e7440ad6ecf'
    
     -- Docs structure --------------------------------------------------------------
     v Folder 'docs' created.
     i No 'README' found. Created a default 'docs/README'.
     i No 'NEWS / Changelog' to include.
     i No 'Code of Conduct' to include.
     i No 'License / Licence' to include.
     v Functions reference created.
    
     -- Vignettes -------------------------------------------------------------------
     i Found 1 vignette to convert.
     \ Converting vignette: 0/1
     v Converting vignette: 1/1 [226ms]
    
    
     x The conversion failed for the following vignettes:
     * 'basic.Rmd'
    
     i The folder 'vignettes' was not modified.
    
     -- Complete --------------------------------------------------------------------
     v Docsify initialized.
     v Folder 'docs' put in '.Rbuildignore'.
    
     -- Update basic files ----------------------------------------------------------
     i No 'README' to include.
     i No 'NEWS / Changelog' to include.
     i No 'Code of Conduct' to include.
     i No 'License / Licence' to include.
     v Functions reference updated.
    
     -- Update vignettes ------------------------------------------------------------
     i Found 2 vignettes to convert.
     \ Converting vignettes: 0/2
     | Converting vignettes: 2/2
     v Converting vignettes: 2/2 [470ms]
    
    
     x The conversion failed for the following vignettes:
     * 'basic.Rmd'
     * 'several-outputs.Rmd'
    
     i The folder 'vignettes' was not modified.
    
     -- Complete --------------------------------------------------------------------
     v Documentation updated.
     i See `?altdoc::update_docs` to know what files are concerned.
     i Some files might have been reformatted. Get more info with `?altdoc:::reformat_md`.
     v Setting active project to '<no active project>'
     v Setting active project to 'D:/temp/RtmpmGCFLn/testpkg14e7472de660d'
    
     -- Docs structure --------------------------------------------------------------
     v Folder 'docs' created.
     i No 'README' found. Created a default 'docs/README'.
     i No 'NEWS / Changelog' to include.
     i No 'Code of Conduct' to include.
     i No 'License / Licence' to include.
     v Functions reference created.
    
     -- Vignettes -------------------------------------------------------------------
     i No vignettes to convert
    
     -- Complete --------------------------------------------------------------------
     v Docsify initialized.
     v Folder 'docs' put in '.Rbuildignore'.
     v Setting active project to '<no active project>'
     v Setting active project to 'D:/temp/RtmpmGCFLn/testpkg14e7450666b0b'
    
     -- Docs structure --------------------------------------------------------------
     v Folder 'docs' created.
     i No 'README' found. Created a default 'docs/README'.
     i No 'NEWS / Changelog' to include.
     i No 'Code of Conduct' to include.
     i No 'License / Licence' to include.
     v Functions reference created.
    
     -- Vignettes -------------------------------------------------------------------
     i No vignettes to convert
    
     -- Complete --------------------------------------------------------------------
     v Docsify initialized.
     v Folder 'docs' put in '.Rbuildignore'.
    
     -- Docs structure --------------------------------------------------------------
     v Folder 'docs' created.
     i No 'README' found. Created a default 'docs/README'.
     i No 'NEWS / Changelog' to include.
     i No 'Code of Conduct' to include.
     i No 'License / Licence' to include.
     v Functions reference created.
    
     -- Vignettes -------------------------------------------------------------------
     i No vignettes to convert
    
     -- Complete --------------------------------------------------------------------
     v Docsify initialized.
     v Folder 'docs' put in '.Rbuildignore'.
     v Setting active project to '<no active project>'
     v Setting active project to 'D:/temp/RtmpmGCFLn/testpkg14e744e872144'
    
     -- Docs structure --------------------------------------------------------------
     v Folder 'docs' created.
     i No 'README' found. Created a default 'docs/README'.
     i No 'NEWS / Changelog' to include.
     i No 'Code of Conduct' to include.
     i No 'License / Licence' to include.
     v Functions reference created.
    
     -- Vignettes -------------------------------------------------------------------
     i No vignettes to convert
    
     -- Complete --------------------------------------------------------------------
     v Docute initialized.
     v Folder 'docs' put in '.Rbuildignore'.
     v Setting active project to '<no active project>'
     v Setting active project to 'D:/temp/RtmpmGCFLn/testpkg14e7415b02e70'
    
     -- Docs structure --------------------------------------------------------------
     v Folder 'docs' created.
     i No 'README' found. Created a default 'docs/README'.
     i No 'NEWS / Changelog' to include.
     i No 'Code of Conduct' to include.
     i No 'License / Licence' to include.
     v Functions reference created.
    
     -- Vignettes -------------------------------------------------------------------
     i No vignettes to convert
    
     -- Complete --------------------------------------------------------------------
     v Docute initialized.
     v Folder 'docs' put in '.Rbuildignore'.
    
     -- Docs structure --------------------------------------------------------------
     v Folder 'docs' created.
     i No 'README' found. Created a default 'docs/README'.
     i No 'NEWS / Changelog' to include.
     i No 'Code of Conduct' to include.
     i No 'License / Licence' to include.
     v Functions reference created.
    
     -- Vignettes -------------------------------------------------------------------
     i No vignettes to convert
    
     -- Complete --------------------------------------------------------------------
     v Docute initialized.
     v Folder 'docs' put in '.Rbuildignore'.
     v Setting active project to '<no active project>'
     v Setting active project to 'D:/temp/RtmpmGCFLn/testpkg14e7476da7466'
    
     -- Docs structure --------------------------------------------------------------
     v Folder 'docs' created.
     i No 'README' found. Created a default 'docs/README'.
     i No 'NEWS / Changelog' to include.
     i No 'Code of Conduct' to include.
     i No 'License / Licence' to include.
     v Functions reference created.
    
     -- Vignettes -------------------------------------------------------------------
     i No vignettes to convert
    
     -- Complete --------------------------------------------------------------------
     v Docute initialized.
     v Folder 'docs' put in '.Rbuildignore'.
     v Setting active project to '<no active project>'
     v Setting active project to 'D:/temp/RtmpmGCFLn/testpkg14e744a322e79'
     v Setting active project to '<no active project>'
     v Setting active project to 'D:/temp/RtmpmGCFLn/testpkg14e7417dd3d6d'
     v Setting active project to '<no active project>'
     v Setting active project to 'D:/temp/RtmpmGCFLn/testpkg14e7425b5722e'
     v Setting active project to '<no active project>'
     v Setting active project to 'D:/temp/RtmpmGCFLn/testpkg14e741c4e33ad'
     v Setting active project to '<no active project>'
     v Setting active project to 'D:/temp/RtmpmGCFLn/testpkg14e74237b7888'
     v Writing 'README.md'
     * Update 'README.md' to include installation instructions.
     v 'README' imported.
     v Writing 'CODE_OF_CONDUCT.md'
     v Adding '^CODE_OF_CONDUCT\\.md$' to '.Rbuildignore'
     * You may also want to describe the code of conduct in your README:
     ## Code of Conduct
    
     Please note that the testpkg14e74237b7888 project is released with a [Contributor Code of Conduct](https://contributor-covenant.org/version/2/1/CODE_OF_CONDUCT.html). By contributing to this project, you agree to abide by its terms.
     v 'Code of Conduct' imported.
     v Writing 'NEWS.md'
     v 'NEWS.md' imported.
     v Setting active project to '<no active project>'
     v Setting active project to 'D:/temp/RtmpmGCFLn/testpkg14e7448f27aff'
    
     -- Docs structure --------------------------------------------------------------
     v Folder 'docs' created.
     i No 'README' found. Created a default 'docs/README'.
     i No 'NEWS / Changelog' to include.
     i No 'Code of Conduct' to include.
     i No 'License / Licence' to include.
     v Functions reference created.
    
     -- Complete --------------------------------------------------------------------
     v Docute initialized.
     v Folder 'docs' put in '.Rbuildignore'.
     docs
     +-- index.html
     +-- README.md
     +-- README_assets
     \-- reference.md
     i No vignettes to convert
     docs
     +-- index.html
     +-- README.md
     +-- README_assets
     \-- reference.md
     i No vignettes to convert
     docs
     +-- index.html
     +-- README.md
     +-- README_assets
     \-- reference.md
     v Setting active project to '<no active project>'
     v Setting active project to 'D:/temp/RtmpmGCFLn/testpkg14e7457cb7c5e'
    
     -- Docs structure --------------------------------------------------------------
     v Folder 'docs' created.
     i No 'README' found. Created a default 'docs/README'.
     i No 'NEWS / Changelog' to include.
     i No 'Code of Conduct' to include.
     i No 'License / Licence' to include.
     v Functions reference created.
    
     -- Complete --------------------------------------------------------------------
     v Docute initialized.
     v Folder 'docs' put in '.Rbuildignore'.
     \ Converting vignette: 0/1
     v Converting vignette: 1/1 [149ms]
    
    
     x The conversion failed for the following vignettes:
     * 'basic.Rmd'
    
     i The folder 'vignettes' was not modified.
     v Setting active project to '<no active project>'
     v Setting active project to 'D:/temp/RtmpmGCFLn/testpkg14e7479cb4205'
    
     -- Docs structure --------------------------------------------------------------
     v Folder 'docs' created.
     i No 'README' found. Created a default 'docs/README'.
     i No 'NEWS / Changelog' to include.
     i No 'Code of Conduct' to include.
     i No 'License / Licence' to include.
     v Functions reference created.
    
     -- Complete --------------------------------------------------------------------
     v Docute initialized.
     v Folder 'docs' put in '.Rbuildignore'.
     i Found 1 vignette to convert.
     \ Converting vignette: 0/1
     v Converting vignette: 1/1 [199ms]
    
    
     x The conversion failed for the following vignettes:
     * 'basic.Rmd'
    
     i The folder 'vignettes' was not modified.
     .
     +-- DESCRIPTION
     +-- docs
     | +-- articles
     | | +-- basic.md
     | | \-- figures
     | +-- index.html
     | +-- README.md
     | +-- README_assets
     | \-- reference.md
     +-- NAMESPACE
     +-- R
     +-- testpkg14e7479cb4205.Rproj
     \-- vignettes
     \-- basic.Rmd
     v Setting active project to '<no active project>'
     [ FAIL 2 | WARN 1 | SKIP 12 | PASS 86 ]
    
     == Skipped tests ===============================================================
     * On CRAN (12)
    
     == Failed tests ================================================================
     -- Failure ('test-vignettes.R:25:3'): transform_vignettes works on basic vignette --
     fs::file_exists("docs/articles/basic.Rmd") is not TRUE
    
     `actual`: FALSE
     `expected`: TRUE
     -- Error ('test-vignettes.R:40:3'): transform_vignettes doesn't change anything if no change in vignettes --
     Error in `file(con, "r")`: cannot open the connection
     Backtrace:
     x
     1. \-base::readLines("docs/articles/basic.Rmd", warn = FALSE) at test-vignettes.R:40:2
     2. \-base::file(con, "r")
    
     [ FAIL 2 | WARN 1 | SKIP 12 | PASS 86 ]
     Error: Test failures
     Execution halted
Flavor: r-oldrel-windows-ix86+x86_64