Last updated on 2023-03-25 04:54:33 CET.
Flavor | Version | Tinstall | Tcheck | Ttotal | Status | Flags |
---|---|---|---|---|---|---|
r-devel-linux-x86_64-debian-clang | 0.3-5 | 12.40 | 263.57 | 275.97 | OK | |
r-devel-linux-x86_64-debian-gcc | 0.3-5 | 9.66 | 195.21 | 204.87 | OK | |
r-devel-linux-x86_64-fedora-clang | 0.3-5 | 326.99 | OK | |||
r-devel-linux-x86_64-fedora-gcc | 0.3-5 | 321.55 | OK | |||
r-devel-windows-x86_64 | 0.3-5 | 30.00 | 313.00 | 343.00 | OK | |
r-patched-linux-x86_64 | 0.3-5 | 19.70 | 245.39 | 265.09 | NOTE | |
r-release-linux-x86_64 | 0.3-5 | 12.35 | 242.85 | 255.20 | NOTE | |
r-release-macos-arm64 | 0.3-5 | 82.00 | OK | |||
r-release-macos-x86_64 | 0.3-5 | 123.00 | OK | |||
r-release-windows-x86_64 | 0.3-5 | 51.00 | 308.00 | 359.00 | NOTE | |
r-oldrel-macos-arm64 | 0.3-5 | 82.00 | OK | |||
r-oldrel-macos-x86_64 | 0.3-5 | 120.00 | OK | |||
r-oldrel-windows-ix86+x86_64 | 0.3-5 | 25.00 | 314.00 | 339.00 | OK |
Version: 0.3-5
Check: HTML version of manual
Result: NOTE
Encountered the following conversion/validation errors:
as.data.frame.feem.Rd:11: condition must be plain text
cmf.Rd:16: condition must be plain text
feem.Rd:19: condition must be plain text
feemflame.Rd:55: condition must be plain text
feemife.Rd:78: condition must be plain text
feemindex.Rd:83: condition must be plain text
feemjackknife.Rd:78: condition must be plain text
feemparafac.Rd:82: condition must be plain text
feemscatter.Rd:36: condition must be plain text
feemsplithalf.Rd:43: condition must be plain text
marine.colours.Rd:46: condition must be plain text
whittaker2.Rd:45: condition must be plain text
Flavors: r-patched-linux-x86_64, r-release-linux-x86_64, r-release-windows-x86_64