CRAN Package Check Results for Package airportr

Last updated on 2023-03-27 04:53:06 CEST.

Flavor Version Tinstall Tcheck Ttotal Status Flags
r-devel-linux-x86_64-debian-clang 0.1.3 5.10 49.32 54.42 OK
r-devel-linux-x86_64-debian-gcc 0.1.3 4.57 37.78 42.35 OK
r-devel-linux-x86_64-fedora-gcc 0.1.3 76.19 NOTE
r-devel-windows-x86_64 0.1.3 17.00 84.00 101.00 OK
r-patched-linux-x86_64 0.1.3 4.17 46.64 50.81 OK
r-release-linux-x86_64 0.1.3 4.84 48.69 53.53 OK
r-release-macos-arm64 0.1.3 27.00 NOTE
r-release-macos-x86_64 0.1.3 37.00 NOTE
r-release-windows-x86_64 0.1.3 22.00 80.00 102.00 OK
r-oldrel-macos-arm64 0.1.3 30.00 NOTE
r-oldrel-macos-x86_64 0.1.3 48.00 NOTE
r-oldrel-windows-ix86+x86_64 0.1.3 12.00 73.00 85.00 OK

Check Details

Version: 0.1.3
Check: data for non-ASCII characters
Result: NOTE
     Note: found 710 marked UTF-8 strings
Flavors: r-devel-linux-x86_64-fedora-gcc, r-release-macos-arm64, r-release-macos-x86_64, r-oldrel-macos-arm64, r-oldrel-macos-x86_64