CRAN Package Check Results for Package adwordsR

Last updated on 2023-03-30 04:55:02 CEST.

Flavor Version Tinstall Tcheck Ttotal Status Flags
r-devel-linux-x86_64-debian-clang 0.3.1 2.13 24.54 26.67 NOTE
r-devel-linux-x86_64-debian-gcc 0.3.1 1.88 19.32 21.20 NOTE
r-devel-linux-x86_64-fedora-clang 0.3.1 34.79 NOTE
r-devel-linux-x86_64-fedora-gcc 0.3.1 34.21 NOTE
r-devel-windows-x86_64 0.3.1 34.00 58.00 92.00 NOTE
r-patched-linux-x86_64 0.3.1 3.22 24.07 27.29 NOTE
r-release-linux-x86_64 0.3.1 2.19 24.54 26.73 NOTE
r-release-macos-arm64 0.3.1 17.00 NOTE
r-release-macos-x86_64 0.3.1 21.00 NOTE
r-release-windows-x86_64 0.3.1 38.00 54.00 92.00 NOTE
r-oldrel-macos-arm64 0.3.1 23.00 NOTE
r-oldrel-macos-x86_64 0.3.1 31.00 NOTE
r-oldrel-windows-ix86+x86_64 0.3.1 6.00 48.00 54.00 NOTE

Check Details

Version: 0.3.1
Check: LazyData
Result: NOTE
     'LazyData' is specified without a 'data' directory
Flavors: r-devel-linux-x86_64-debian-clang, r-devel-linux-x86_64-debian-gcc, r-devel-linux-x86_64-fedora-clang, r-devel-linux-x86_64-fedora-gcc, r-devel-windows-x86_64, r-patched-linux-x86_64, r-release-linux-x86_64, r-release-macos-arm64, r-release-macos-x86_64, r-release-windows-x86_64, r-oldrel-macos-arm64, r-oldrel-macos-x86_64, r-oldrel-windows-ix86+x86_64