CRAN Package Check Results for Package adjustedcranlogs

Last updated on 2023-03-27 04:53:05 CEST.

Flavor Version Tinstall Tcheck Ttotal Status Flags
r-devel-linux-x86_64-debian-clang 0.1.0 5.95 40.88 46.83 NOTE
r-devel-linux-x86_64-debian-gcc 0.1.0 4.43 31.34 35.77 NOTE
r-devel-linux-x86_64-fedora-gcc 0.1.0 53.89 NOTE
r-devel-windows-x86_64 0.1.0 21.00 67.00 88.00 NOTE
r-patched-linux-x86_64 0.1.0 5.48 38.10 43.58 NOTE
r-release-linux-x86_64 0.1.0 4.45 40.62 45.07 NOTE
r-release-macos-arm64 0.1.0 22.00 NOTE
r-release-macos-x86_64 0.1.0 31.00 NOTE
r-release-windows-x86_64 0.1.0 18.00 74.00 92.00 NOTE
r-oldrel-macos-arm64 0.1.0 25.00 NOTE
r-oldrel-macos-x86_64 0.1.0 36.00 NOTE
r-oldrel-windows-ix86+x86_64 0.1.0 13.00 65.00 78.00 NOTE

Check Details

Version: 0.1.0
Check: LazyData
Result: NOTE
     'LazyData' is specified without a 'data' directory
Flavors: r-devel-linux-x86_64-debian-clang, r-devel-linux-x86_64-debian-gcc, r-devel-linux-x86_64-fedora-gcc, r-devel-windows-x86_64, r-patched-linux-x86_64, r-release-linux-x86_64, r-release-macos-arm64, r-release-macos-x86_64, r-release-windows-x86_64, r-oldrel-macos-arm64, r-oldrel-macos-x86_64, r-oldrel-windows-ix86+x86_64