CRAN Package Check Results for Package addinslist

Last updated on 2023-03-31 04:51:40 CEST.

Flavor Version Tinstall Tcheck Ttotal Status Flags
r-devel-linux-x86_64-debian-clang 0.4.0 4.40 36.66 41.06 NOTE
r-devel-linux-x86_64-debian-gcc 0.4.0 3.46 28.52 31.98 NOTE
r-devel-linux-x86_64-fedora-clang 0.4.0 50.96 NOTE
r-devel-linux-x86_64-fedora-gcc 0.4.0 48.42 NOTE
r-devel-windows-x86_64 0.4.0 28.00 69.00 97.00 NOTE
r-patched-linux-x86_64 0.4.0 4.22 35.14 39.36 NOTE
r-release-linux-x86_64 0.4.0 3.26 38.27 41.53 NOTE
r-release-macos-arm64 0.4.0 20.00 NOTE
r-release-macos-x86_64 0.4.0 27.00 NOTE
r-release-windows-x86_64 0.4.0 12.00 81.00 93.00 NOTE
r-oldrel-macos-arm64 0.4.0 23.00 NOTE
r-oldrel-macos-x86_64 0.4.0 37.00 NOTE
r-oldrel-windows-ix86+x86_64 0.4.0 11.00 66.00 77.00 NOTE

Check Details

Version: 0.4.0
Check: LazyData
Result: NOTE
     'LazyData' is specified without a 'data' directory
Flavors: r-devel-linux-x86_64-debian-clang, r-devel-linux-x86_64-debian-gcc, r-devel-linux-x86_64-fedora-clang, r-devel-linux-x86_64-fedora-gcc, r-devel-windows-x86_64, r-patched-linux-x86_64, r-release-linux-x86_64, r-release-macos-arm64, r-release-macos-x86_64, r-release-windows-x86_64, r-oldrel-macos-arm64, r-oldrel-macos-x86_64, r-oldrel-windows-ix86+x86_64

Version: 0.4.0
Check: dependencies in R code
Result: NOTE
    Initiating curl with CURL_SSL_BACKEND: openssl
Flavor: r-oldrel-windows-ix86+x86_64