Last updated on 2023-03-27 04:53:05 CEST.
Flavor | Version | Tinstall | Tcheck | Ttotal | Status | Flags |
---|---|---|---|---|---|---|
r-devel-linux-x86_64-debian-clang | 2.0-5 | 3.04 | 29.24 | 32.28 | NOTE | |
r-devel-linux-x86_64-debian-gcc | 2.0-5 | 2.24 | 23.14 | 25.38 | NOTE | |
r-devel-linux-x86_64-fedora-gcc | 2.0-5 | 39.12 | NOTE | |||
r-devel-windows-x86_64 | 2.0-5 | 18.00 | 69.00 | 87.00 | NOTE | |
r-patched-linux-x86_64 | 2.0-5 | 3.65 | 28.75 | 32.40 | NOTE | |
r-release-linux-x86_64 | 2.0-5 | 3.19 | 29.42 | 32.61 | OK | |
r-release-macos-arm64 | 2.0-5 | 19.00 | OK | |||
r-release-macos-x86_64 | 2.0-5 | 25.00 | OK | |||
r-release-windows-x86_64 | 2.0-5 | 13.00 | 63.00 | 76.00 | OK | |
r-oldrel-macos-arm64 | 2.0-5 | 22.00 | OK | |||
r-oldrel-macos-x86_64 | 2.0-5 | 32.00 | OK | |||
r-oldrel-windows-ix86+x86_64 | 2.0-5 | 7.00 | 57.00 | 64.00 | OK |
Version: 2.0-5
Check: Rd files
Result: NOTE
checkRd: (-1) ada.Rd:171: Escaped LaTeX specials: \&
Flavors: r-devel-linux-x86_64-debian-clang, r-devel-linux-x86_64-debian-gcc, r-devel-linux-x86_64-fedora-gcc, r-devel-windows-x86_64, r-patched-linux-x86_64