CRAN Package Check Results for Package acebayes

Last updated on 2023-04-01 04:56:10 CEST.

Flavor Version Tinstall Tcheck Ttotal Status Flags
r-devel-linux-x86_64-debian-clang 1.10 41.99 85.59 127.58 NOTE
r-devel-linux-x86_64-debian-gcc 1.10 27.34 49.19 76.53 NOTE
r-devel-linux-x86_64-fedora-clang 1.10 143.95 NOTE
r-devel-linux-x86_64-fedora-gcc 1.10 121.52 NOTE
r-devel-windows-x86_64 1.10 50.00 0.00 50.00 NOTE
r-patched-linux-x86_64 1.10 28.63 63.39 92.02 NOTE
r-release-linux-x86_64 1.10 33.51 61.50 95.01 OK
r-release-macos-arm64 1.10 39.00 OK
r-release-macos-x86_64 1.10 51.00 OK
r-release-windows-x86_64 1.10 46.00 131.00 177.00 OK
r-oldrel-macos-arm64 1.10 45.00 NOTE
r-oldrel-macos-x86_64 1.10 72.00 OK
r-oldrel-windows-ix86+x86_64 1.10 74.00 137.00 211.00 OK

Check Details

Version: 1.10
Check: C++ specification
Result: NOTE
     Specified C++11: please drop specification unless essential
Flavors: r-devel-linux-x86_64-debian-clang, r-devel-linux-x86_64-debian-gcc, r-devel-linux-x86_64-fedora-clang, r-devel-linux-x86_64-fedora-gcc, r-devel-windows-x86_64, r-patched-linux-x86_64

Version: 1.10
Check: installed package size
Result: NOTE
     installed size is 5.1Mb
     sub-directories of 1Mb or more:
     R 1.4Mb
     libs 3.5Mb
Flavor: r-oldrel-macos-arm64