Last updated on 2023-03-21 04:57:43 CET.
Flavor | Version | Tinstall | Tcheck | Ttotal | Status | Flags |
---|---|---|---|---|---|---|
r-devel-linux-x86_64-debian-clang | 0.5.5 | NOTE | ||||
r-devel-linux-x86_64-debian-gcc | 0.5.5 | 5.52 | 48.33 | 53.85 | NOTE | |
r-devel-linux-x86_64-fedora-clang | 0.5.5 | 91.87 | NOTE | |||
r-devel-linux-x86_64-fedora-gcc | 0.5.5 | 95.99 | NOTE | |||
r-devel-windows-x86_64 | 0.5.5 | 25.00 | 103.00 | 128.00 | NOTE | |
r-patched-linux-x86_64 | 0.5.5 | 7.26 | 61.17 | 68.43 | NOTE | |
r-release-linux-x86_64 | 0.5.5 | 5.70 | 60.88 | 66.58 | NOTE | |
r-release-macos-arm64 | 0.5.5 | 27.00 | NOTE | |||
r-release-macos-x86_64 | 0.5.5 | 54.00 | NOTE | |||
r-release-windows-x86_64 | 0.5.5 | 30.00 | 106.00 | 136.00 | NOTE | |
r-oldrel-macos-arm64 | 0.5.5 | 32.00 | NOTE | |||
r-oldrel-macos-x86_64 | 0.5.5 | 52.00 | NOTE | |||
r-oldrel-windows-ix86+x86_64 | 0.5.5 | 23.00 | 94.00 | 117.00 | NOTE |
Version: 0.5.5
Check: LazyData
Result: NOTE
'LazyData' is specified without a 'data' directory
Flavors: r-devel-linux-x86_64-debian-clang, r-devel-linux-x86_64-debian-gcc, r-devel-linux-x86_64-fedora-clang, r-devel-linux-x86_64-fedora-gcc, r-devel-windows-x86_64, r-patched-linux-x86_64, r-release-linux-x86_64, r-release-macos-arm64, r-release-macos-x86_64, r-release-windows-x86_64, r-oldrel-macos-arm64, r-oldrel-macos-x86_64, r-oldrel-windows-ix86+x86_64
Version: 0.5.5
Check: R code for possible problems
Result: NOTE
Initiating curl with CURL_SSL_BACKEND: openssl
Flavor: r-oldrel-windows-ix86+x86_64