CRAN Package Check Results for Package WordR

Last updated on 2023-03-25 04:54:56 CET.

Flavor Version Tinstall Tcheck Ttotal Status Flags
r-devel-linux-x86_64-debian-clang 0.3.6 5.35 68.71 74.06 OK
r-devel-linux-x86_64-debian-gcc 0.3.6 3.72 51.98 55.70 OK
r-devel-linux-x86_64-fedora-clang 0.3.6 94.15 OK
r-devel-linux-x86_64-fedora-gcc 0.3.6 98.52 OK
r-devel-windows-x86_64 0.3.6 16.00 115.00 131.00 OK
r-patched-linux-x86_64 0.3.6 4.05 67.22 71.27 OK
r-release-linux-x86_64 0.3.6 4.70 67.78 72.48 OK
r-release-macos-arm64 0.3.6 31.00 OK
r-release-macos-x86_64 0.3.6 46.00 OK
r-release-windows-x86_64 0.3.6 16.00 114.00 130.00 OK
r-oldrel-macos-arm64 0.3.6 33.00 OK
r-oldrel-macos-x86_64 0.3.6 53.00 OK
r-oldrel-windows-ix86+x86_64 0.3.6 14.00 95.00 109.00 NOTE

Check Details

Version: 0.3.6
Check: dependencies in R code
Result: NOTE
    Initiating curl with CURL_SSL_BACKEND: openssl
Flavor: r-oldrel-windows-ix86+x86_64