CRAN Package Check Results for Package WikidataQueryServiceR

Last updated on 2023-03-30 04:55:36 CEST.

Flavor Version Tinstall Tcheck Ttotal Status Flags
r-devel-linux-x86_64-debian-clang 1.0.0 2.35 27.31 29.66 NOTE
r-devel-linux-x86_64-debian-gcc 1.0.0 1.65 21.12 22.77 NOTE
r-devel-linux-x86_64-fedora-clang 1.0.0 37.27 NOTE
r-devel-linux-x86_64-fedora-gcc 1.0.0 35.31 NOTE
r-devel-windows-x86_64 1.0.0 47.00 0.00 47.00 NOTE
r-patched-linux-x86_64 1.0.0 1.72 26.18 27.90 NOTE
r-release-linux-x86_64 1.0.0 2.02 26.99 29.01 NOTE
r-release-macos-arm64 1.0.0 21.00 NOTE
r-release-macos-x86_64 1.0.0 32.00 NOTE
r-release-windows-x86_64 1.0.0 55.00 57.00 112.00 NOTE
r-oldrel-macos-arm64 1.0.0 24.00 NOTE
r-oldrel-macos-x86_64 1.0.0 33.00 NOTE
r-oldrel-windows-ix86+x86_64 1.0.0 5.00 55.00 60.00 NOTE

Check Details

Version: 1.0.0
Check: LazyData
Result: NOTE
     'LazyData' is specified without a 'data' directory
Flavors: r-devel-linux-x86_64-debian-clang, r-devel-linux-x86_64-debian-gcc, r-devel-linux-x86_64-fedora-clang, r-devel-linux-x86_64-fedora-gcc, r-devel-windows-x86_64, r-patched-linux-x86_64, r-release-linux-x86_64, r-release-macos-arm64, r-release-macos-x86_64, r-release-windows-x86_64, r-oldrel-macos-arm64, r-oldrel-macos-x86_64, r-oldrel-windows-ix86+x86_64