Last updated on 2023-03-25 04:54:55 CET.
Flavor | Version | Tinstall | Tcheck | Ttotal | Status | Flags |
---|---|---|---|---|---|---|
r-devel-linux-x86_64-debian-clang | 0.1.0 | 327.82 | 145.58 | 473.40 | OK | |
r-devel-linux-x86_64-debian-gcc | 0.1.0 | 301.00 | 148.15 | 449.15 | OK | |
r-devel-linux-x86_64-fedora-clang | 0.1.0 | 710.23 | OK | |||
r-devel-linux-x86_64-fedora-gcc | 0.1.0 | 783.47 | OK | |||
r-devel-windows-x86_64 | 0.1.0 | 288.00 | 209.00 | 497.00 | OK | |
r-patched-linux-x86_64 | 0.1.0 | 293.99 | 188.60 | 482.59 | OK | |
r-release-linux-x86_64 | 0.1.0 | 300.43 | 173.56 | 473.99 | OK | |
r-release-macos-arm64 | 0.1.0 | 109.00 | NOTE | |||
r-release-macos-x86_64 | 0.1.0 | 184.00 | NOTE | |||
r-release-windows-x86_64 | 0.1.0 | 284.00 | 203.00 | 487.00 | OK | |
r-oldrel-macos-arm64 | 0.1.0 | 104.00 | NOTE | |||
r-oldrel-macos-x86_64 | 0.1.0 | 188.00 | NOTE | |||
r-oldrel-windows-ix86+x86_64 | 0.1.0 | 824.00 | 265.00 | 1089.00 | NOTE |
Version: 0.1.0
Check: installed package size
Result: NOTE
installed size is 25.2Mb
sub-directories of 1Mb or more:
doc 2.2Mb
libs 22.8Mb
Flavors: r-release-macos-arm64, r-release-macos-x86_64, r-oldrel-macos-arm64, r-oldrel-macos-x86_64, r-oldrel-windows-ix86+x86_64