Last updated on 2023-03-28 04:53:15 CEST.
Flavor | Version | Tinstall | Tcheck | Ttotal | Status | Flags |
---|---|---|---|---|---|---|
r-devel-linux-x86_64-debian-clang | 2.0-7 | 10.80 | 84.74 | 95.54 | NOTE | |
r-devel-linux-x86_64-debian-gcc | 2.0-7 | 9.15 | 64.71 | 73.86 | NOTE | |
r-devel-linux-x86_64-fedora-clang | 2.0-7 | 117.30 | NOTE | |||
r-devel-linux-x86_64-fedora-gcc | 2.0-7 | 120.81 | NOTE | |||
r-patched-linux-x86_64 | 2.0-7 | 14.72 | 80.95 | 95.67 | NOTE | |
r-release-linux-x86_64 | 2.0-7 | 9.00 | 80.35 | 89.35 | OK | |
r-release-macos-arm64 | 2.0-7 | 49.00 | OK | |||
r-release-macos-x86_64 | 2.0-7 | 84.00 | OK | |||
r-release-windows-x86_64 | 2.0-7 | 108.00 | 161.00 | 269.00 | OK | |
r-oldrel-macos-arm64 | 2.0-7 | 50.00 | OK | |||
r-oldrel-macos-x86_64 | 2.0-7 | 70.00 | OK | |||
r-oldrel-windows-ix86+x86_64 | 2.0-7 | 29.00 | 124.00 | 153.00 | OK |
Version: 2.0-7
Check: Rd files
Result: NOTE
checkRd: (-1) aosat.Rd:20: Escaped LaTeX specials: \_ \_ \_
checkRd: (-1) aosat.Rd:21: Escaped LaTeX specials: \_
checkRd: (-1) arctic.oscillations.Rd:19: Escaped LaTeX specials: \_ \_ \_
checkRd: (-1) arctic.oscillations.Rd:20: Escaped LaTeX specials: \_
checkRd: (-1) babies.Rd:28: Escaped LaTeX specials: \&
checkRd: (-1) babies.Rd:41: Escaped LaTeX specials: \$
checkRd: (-1) cabinet.Rd:25: Escaped LaTeX specials: \$
checkRd: (-1) cabinet.Rd:43: Escaped LaTeX specials: \$
checkRd: (-1) cabinet.Rd:48: Escaped LaTeX specials: \$
checkRd: (-1) exec.pay.Rd:5: Escaped LaTeX specials: \$
checkRd: (-1) sp500.excess.Rd:4: Escaped LaTeX specials: \&
checkRd: (-1) sp500.excess.Rd:6: Escaped LaTeX specials: \&
Flavors: r-devel-linux-x86_64-debian-clang, r-devel-linux-x86_64-debian-gcc, r-devel-linux-x86_64-fedora-clang, r-devel-linux-x86_64-fedora-gcc, r-patched-linux-x86_64