CRAN Package Check Results for Package UCSCXenaShiny

Last updated on 2023-02-05 04:51:24 CET.

Flavor Version Tinstall Tcheck Ttotal Status Flags
r-devel-linux-x86_64-debian-clang 1.1.9 14.45 106.65 121.10 OK
r-devel-linux-x86_64-debian-gcc 1.1.9 9.42 78.66 88.08 OK
r-devel-linux-x86_64-fedora-clang 1.1.9 149.41 NOTE
r-devel-linux-x86_64-fedora-gcc 1.1.9 157.26 OK
r-devel-windows-x86_64 1.1.9 105.00 166.00 271.00 NOTE
r-patched-linux-x86_64 1.1.9 12.05 103.67 115.72 OK
r-release-linux-x86_64 1.1.9 12.45 102.51 114.96 OK
r-release-macos-arm64 1.1.9 57.00 NOTE
r-release-macos-x86_64 1.1.9 70.00 NOTE
r-release-windows-x86_64 1.1.9 146.00 170.00 316.00 NOTE
r-oldrel-macos-arm64 1.1.9 54.00 NOTE
r-oldrel-macos-x86_64 1.1.9 70.00 NOTE
r-oldrel-windows-ix86+x86_64 1.1.9 30.00 362.00 392.00 NOTE

Check Details

Version: 1.1.9
Check: installed package size
Result: NOTE
     installed size is 6.9Mb
     sub-directories of 1Mb or more:
     doc 1.4Mb
     shinyapp 3.4Mb
Flavors: r-devel-linux-x86_64-fedora-clang, r-devel-windows-x86_64, r-release-macos-arm64, r-release-macos-x86_64, r-release-windows-x86_64, r-oldrel-macos-arm64, r-oldrel-macos-x86_64, r-oldrel-windows-ix86+x86_64