Last updated on 2023-04-01 04:56:32 CEST.
Flavor | Version | Tinstall | Tcheck | Ttotal | Status | Flags |
---|---|---|---|---|---|---|
r-devel-linux-x86_64-debian-clang | 1.1.3 | 16.84 | 90.26 | 107.10 | NOTE | |
r-devel-linux-x86_64-debian-gcc | 1.1.3 | 11.63 | 67.08 | 78.71 | NOTE | |
r-devel-linux-x86_64-fedora-clang | 1.1.3 | 130.74 | NOTE | |||
r-devel-linux-x86_64-fedora-gcc | 1.1.3 | 133.25 | NOTE | |||
r-devel-windows-x86_64 | 1.1.3 | 57.00 | 129.00 | 186.00 | NOTE | |
r-patched-linux-x86_64 | 1.1.3 | 13.99 | 87.17 | 101.16 | NOTE | |
r-release-linux-x86_64 | 1.1.3 | 13.13 | 84.68 | 97.81 | OK | |
r-release-macos-arm64 | 1.1.3 | 31.00 | OK | |||
r-release-macos-x86_64 | 1.1.3 | 47.00 | OK | |||
r-release-windows-x86_64 | 1.1.3 | 24.00 | 104.00 | 128.00 | OK | |
r-oldrel-macos-arm64 | 1.1.3 | 39.00 | OK | |||
r-oldrel-macos-x86_64 | 1.1.3 | 71.00 | OK | |||
r-oldrel-windows-ix86+x86_64 | 1.1.3 | 25.00 | 94.00 | 119.00 | OK |
Version: 1.1.3
Check: Rd files
Result: NOTE
checkRd: (-1) CPdimensionalityplot.Rd:18: Escaped LaTeX specials: \&
checkRd: (-1) CPdimensionalityplot.Rd:19: Escaped LaTeX specials: \&
checkRd: (-1) Kinship.Rd:15: Escaped LaTeX specials: \&
checkRd: (-1) Kinship.Rd:23: Escaped LaTeX specials: \&
checkRd: (-1) T2func.Rd:44: Escaped LaTeX specials: \&
checkRd: (-1) T2funcrep.Rd:44: Escaped LaTeX specials: \&
checkRd: (-1) T3dimensionalityplot.Rd:18: Escaped LaTeX specials: \&
checkRd: (-1) T3func.Rd:43: Escaped LaTeX specials: \&
checkRd: (-1) T3func.Rd:44: Escaped LaTeX specials: \&
checkRd: (-1) T3funcrep.Rd:43: Escaped LaTeX specials: \&
checkRd: (-1) T3funcrep.Rd:44: Escaped LaTeX specials: \&
checkRd: (-1) TV.Rd:26: Escaped LaTeX specials: \& \& \&
checkRd: (-1) TV.Rd:30: Escaped LaTeX specials: \&
checkRd: (-1) TV.Rd:31: Escaped LaTeX specials: \&
checkRd: (-1) TV.Rd:32: Escaped LaTeX specials: \&
checkRd: (-1) TV.Rd:33: Escaped LaTeX specials: \&
checkRd: (-1) pcamean.Rd:33: Escaped LaTeX specials: \&
checkRd: (-1) threewayanova.Rd:24: Escaped LaTeX specials: \&
Flavors: r-devel-linux-x86_64-debian-clang, r-devel-linux-x86_64-debian-gcc, r-devel-linux-x86_64-fedora-clang, r-devel-linux-x86_64-fedora-gcc, r-devel-windows-x86_64, r-patched-linux-x86_64