Last updated on 2023-03-20 04:53:42 CET.
Flavor | Version | Tinstall | Tcheck | Ttotal | Status | Flags |
---|---|---|---|---|---|---|
r-devel-linux-x86_64-debian-clang | 0.24.3 | OK | ||||
r-devel-linux-x86_64-debian-gcc | 0.24.3 | 7.07 | 40.72 | 47.79 | OK | |
r-devel-linux-x86_64-fedora-clang | 0.24.3 | 78.15 | OK | |||
r-devel-linux-x86_64-fedora-gcc | 0.24.3 | 75.07 | OK | |||
r-devel-windows-x86_64 | 0.24.3 | 47.00 | 101.00 | 148.00 | OK | |
r-patched-linux-x86_64 | 0.24.3 | 9.31 | 49.02 | 58.33 | OK | |
r-release-linux-x86_64 | 0.24.3 | 7.20 | 49.51 | 56.71 | OK | |
r-release-macos-arm64 | 0.24.3 | 27.00 | OK | |||
r-release-macos-x86_64 | 0.24.3 | 51.00 | OK | |||
r-release-windows-x86_64 | 0.24.3 | 33.00 | 93.00 | 126.00 | OK | |
r-oldrel-macos-arm64 | 0.24.3 | 24.00 | OK | |||
r-oldrel-macos-x86_64 | 0.24.3 | 39.00 | OK | |||
r-oldrel-windows-ix86+x86_64 | 0.24.3 | 23.00 | 402.00 | 425.00 | NOTE |
Version: 0.24.3
Check: R code for possible problems
Result: NOTE
Initiating curl with CURL_SSL_BACKEND: openssl
Flavor: r-oldrel-windows-ix86+x86_64