Last updated on 2023-03-28 04:53:14 CEST.
Flavor | Version | Tinstall | Tcheck | Ttotal | Status | Flags |
---|---|---|---|---|---|---|
r-devel-linux-x86_64-debian-clang | 1.0.7 | 30.70 | 310.99 | 341.69 | OK | |
r-devel-linux-x86_64-debian-gcc | 1.0.7 | 21.81 | 219.04 | 240.85 | OK | |
r-devel-linux-x86_64-fedora-clang | 1.0.7 | 408.89 | OK | |||
r-devel-linux-x86_64-fedora-gcc | 1.0.7 | 526.03 | OK | |||
r-devel-windows-x86_64 | 1.0.7 | 141.00 | 341.00 | 482.00 | OK | |
r-patched-linux-x86_64 | 1.0.7 | 28.62 | 286.64 | 315.26 | OK | |
r-release-linux-x86_64 | 1.0.7 | 20.34 | 287.24 | 307.58 | OK | |
r-release-macos-arm64 | 1.0.7 | 85.00 | OK | |||
r-release-macos-x86_64 | 1.0.7 | 151.00 | OK | |||
r-release-windows-x86_64 | 1.0.7 | 158.00 | 491.00 | 649.00 | OK | |
r-oldrel-macos-arm64 | 1.0.7 | 96.00 | OK | |||
r-oldrel-macos-x86_64 | 1.0.7 | 149.00 | OK | |||
r-oldrel-windows-ix86+x86_64 | 1.0.7 | 62.00 | 505.00 | 567.00 | NOTE |
Version: 1.0.7
Check: R code for possible problems
Result: NOTE
Initiating curl with CURL_SSL_BACKEND: openssl
Flavor: r-oldrel-windows-ix86+x86_64