Last updated on 2023-03-25 04:54:54 CET.
Flavor | Version | Tinstall | Tcheck | Ttotal | Status | Flags |
---|---|---|---|---|---|---|
r-devel-linux-x86_64-debian-clang | 0.5.1 | 40.74 | 94.45 | 135.19 | NOTE | |
r-devel-linux-x86_64-debian-gcc | 0.5.1 | 28.02 | 71.73 | 99.75 | NOTE | |
r-devel-linux-x86_64-fedora-clang | 0.5.1 | 178.95 | NOTE | |||
r-devel-linux-x86_64-fedora-gcc | 0.5.1 | 172.51 | NOTE | |||
r-devel-windows-x86_64 | 0.5.1 | 35.00 | 142.00 | 177.00 | NOTE | |
r-patched-linux-x86_64 | 0.5.1 | 30.33 | 89.75 | 120.08 | OK | |
r-release-linux-x86_64 | 0.5.1 | 32.83 | 89.89 | 122.72 | OK | |
r-release-macos-arm64 | 0.5.1 | 50.00 | OK | |||
r-release-macos-x86_64 | 0.5.1 | 62.00 | OK | |||
r-release-windows-x86_64 | 0.5.1 | 40.00 | 137.00 | 177.00 | OK | |
r-oldrel-macos-arm64 | 0.5.1 | 59.00 | OK | |||
r-oldrel-macos-x86_64 | 0.5.1 | 60.00 | OK | |||
r-oldrel-windows-ix86+x86_64 | 0.5.1 | 89.00 | 173.00 | 262.00 | OK |
Version: 0.5.1
Check: C++ specification
Result: NOTE
Specified C++11: please drop specification unless essential
Flavors: r-devel-linux-x86_64-debian-clang, r-devel-linux-x86_64-debian-gcc, r-devel-linux-x86_64-fedora-clang, r-devel-linux-x86_64-fedora-gcc, r-devel-windows-x86_64