CRAN Package Check Results for Package SvyNom

Last updated on 2021-01-21 04:47:56 CET.

Flavor Version Tinstall Tcheck Ttotal Status Flags
r-devel-linux-x86_64-debian-clang 1.1 12.64 119.83 132.47 NOTE
r-devel-linux-x86_64-debian-gcc 1.1 10.67 89.56 100.23 NOTE
r-devel-linux-x86_64-fedora-clang 1.1 167.45 NOTE
r-devel-linux-x86_64-fedora-gcc 1.1 153.00 NOTE
r-devel-windows-ix86+x86_64 1.1 22.00 109.00 131.00 NOTE
r-patched-linux-x86_64 1.1 7.93 108.92 116.85 NOTE
r-patched-solaris-x86 1.1 229.00 NOTE
r-release-linux-x86_64 1.1 8.13 110.36 118.49 NOTE
r-release-macos-x86_64 1.1 NOTE
r-release-windows-ix86+x86_64 1.1 32.00 148.00 180.00 NOTE
r-oldrel-macos-x86_64 1.1 NOTE
r-oldrel-windows-ix86+x86_64 1.1 18.00 94.00 112.00 NOTE

Check Details

Version: 1.1
Check: R code for possible problems
Result: NOTE
    svycox.calibrate: no visible global function definition for 'quantile'
    svycox.calibrate: no visible binding for global variable 'median'
    svycox.calibrate: no visible global function definition for
     'as.formula'
    svycox.calibrate: no visible global function definition for 'arrows'
    svycox.calibrate: no visible global function definition for 'abline'
    svycox.nomogram: no visible global function definition for 'predict'
    svycox.nomogram: no visible global function definition for 'as.formula'
    svycox.validate : internal.validate.func: no visible global function
     definition for 'as.formula'
    svycox.validate : internal.validate.func: no visible global function
     definition for 'formula'
    Undefined global functions or variables:
     abline arrows as.formula formula median predict quantile
    Consider adding
     importFrom("graphics", "abline", "arrows")
     importFrom("stats", "as.formula", "formula", "median", "predict",
     "quantile")
    to your NAMESPACE file.
Flavors: r-devel-linux-x86_64-debian-clang, r-devel-linux-x86_64-debian-gcc, r-devel-linux-x86_64-fedora-clang, r-devel-linux-x86_64-fedora-gcc, r-devel-windows-ix86+x86_64, r-patched-linux-x86_64, r-patched-solaris-x86, r-release-linux-x86_64, r-release-macos-x86_64, r-release-windows-ix86+x86_64

Version: 1.1
Check: R code for possible problems
Result: NOTE
    svycox.calibrate: no visible global function definition for ‘quantile’
    svycox.calibrate: no visible binding for global variable ‘median’
    svycox.calibrate: no visible global function definition for
     ‘as.formula’
    svycox.calibrate: no visible global function definition for ‘plot’
    svycox.calibrate: no visible global function definition for ‘arrows’
    svycox.calibrate: no visible global function definition for ‘abline’
    svycox.nomogram: no visible global function definition for ‘predict’
    svycox.nomogram: no visible global function definition for ‘as.formula’
    svycox.validate : internal.validate.func: no visible global function
     definition for ‘as.formula’
    svycox.validate : internal.validate.func: no visible global function
     definition for ‘formula’
    Undefined global functions or variables:
     abline arrows as.formula formula median plot predict quantile
    Consider adding
     importFrom("graphics", "abline", "arrows", "plot")
     importFrom("stats", "as.formula", "formula", "median", "predict",
     "quantile")
    to your NAMESPACE file.
Flavors: r-oldrel-macos-x86_64, r-oldrel-windows-ix86+x86_64