Last updated on 2023-04-01 04:56:31 CEST.
Flavor | Version | Tinstall | Tcheck | Ttotal | Status | Flags |
---|---|---|---|---|---|---|
r-devel-linux-x86_64-debian-clang | 0.2.0 | 21.80 | 450.23 | 472.03 | OK | |
r-devel-linux-x86_64-debian-gcc | 0.2.0 | 15.90 | 337.09 | 352.99 | OK | |
r-devel-linux-x86_64-fedora-clang | 0.2.0 | 572.76 | NOTE | |||
r-devel-linux-x86_64-fedora-gcc | 0.2.0 | 604.60 | NOTE | |||
r-devel-windows-x86_64 | 0.2.0 | 76.00 | 521.00 | 597.00 | OK | |
r-patched-linux-x86_64 | 0.2.0 | 27.71 | 430.84 | 458.55 | OK | |
r-release-linux-x86_64 | 0.2.0 | 17.78 | 426.90 | 444.68 | OK | |
r-release-macos-arm64 | 0.2.0 | 105.00 | NOTE | |||
r-release-macos-x86_64 | 0.2.0 | 176.00 | NOTE | |||
r-release-windows-x86_64 | 0.2.0 | 90.00 | 823.00 | 913.00 | OK | |
r-oldrel-macos-arm64 | 0.2.0 | 95.00 | NOTE | |||
r-oldrel-macos-x86_64 | 0.2.0 | 186.00 | NOTE | |||
r-oldrel-windows-ix86+x86_64 | 0.2.0 | 40.00 | 884.00 | 924.00 | OK |
Version: 0.2.0
Check: dependencies in R code
Result: NOTE
Namespaces in Imports field not imported from:
‘gridExtra’ ‘mvtnorm’
All declared Imports should be used.
Flavors: r-devel-linux-x86_64-fedora-clang, r-devel-linux-x86_64-fedora-gcc, r-release-macos-arm64, r-release-macos-x86_64, r-oldrel-macos-arm64, r-oldrel-macos-x86_64