CRAN Package Check Results for Package SpatialEpi

Last updated on 2022-12-01 04:52:04 CET.

Flavor Version Tinstall Tcheck Ttotal Status Flags
r-devel-linux-x86_64-debian-clang 1.2.7 54.53 98.18 152.71 NOTE
r-devel-linux-x86_64-debian-gcc 1.2.7 37.39 73.92 111.31 NOTE
r-devel-linux-x86_64-fedora-clang 1.2.7 207.13 NOTE
r-devel-linux-x86_64-fedora-gcc 1.2.7 190.16 NOTE
r-devel-windows-x86_64 1.2.7 65.00 196.00 261.00 NOTE
r-patched-linux-x86_64 1.2.7 46.09 90.92 137.01 OK
r-release-linux-x86_64 1.2.7 44.45 91.32 135.77 OK
r-release-macos-arm64 1.2.7 123.00 OK
r-release-macos-x86_64 1.2.7 144.00 OK
r-release-windows-x86_64 1.2.7 57.00 182.00 239.00 OK
r-oldrel-macos-arm64 1.2.7 115.00 OK
r-oldrel-macos-x86_64 1.2.7 148.00 OK
r-oldrel-windows-ix86+x86_64 1.2.7 131.00 220.00 351.00 OK

Check Details

Version: 1.2.7
Check: Rd files
Result: NOTE
    checkRd: (-1) grid2latlong.Rd:22: Escaped LaTeX specials: \$
    checkRd: (-1) latlong2grid.Rd:22: Escaped LaTeX specials: \$
Flavors: r-devel-linux-x86_64-debian-clang, r-devel-linux-x86_64-debian-gcc, r-devel-linux-x86_64-fedora-clang, r-devel-linux-x86_64-fedora-gcc, r-devel-windows-x86_64