Last updated on 2023-04-01 04:56:30 CEST.
Flavor | Version | Tinstall | Tcheck | Ttotal | Status | Flags |
---|---|---|---|---|---|---|
r-devel-linux-x86_64-debian-clang | 1.0.8 | 103.64 | 34.25 | 137.89 | NOTE | |
r-devel-linux-x86_64-debian-gcc | 1.0.8 | 81.53 | 27.58 | 109.11 | NOTE | |
r-devel-linux-x86_64-fedora-clang | 1.0.8 | 207.88 | NOTE | |||
r-devel-linux-x86_64-fedora-gcc | 1.0.8 | 199.58 | NOTE | |||
r-devel-windows-x86_64 | 1.0.8 | 95.00 | 0.00 | 95.00 | NOTE | |
r-patched-linux-x86_64 | 1.0.8 | 89.65 | 34.49 | 124.14 | NOTE | |
r-release-linux-x86_64 | 1.0.8 | 82.25 | 35.85 | 118.10 | OK | |
r-release-macos-arm64 | 1.0.8 | 49.00 | NOTE | |||
r-release-macos-x86_64 | 1.0.8 | 66.00 | NOTE | |||
r-release-windows-x86_64 | 1.0.8 | 95.00 | 95.00 | 190.00 | OK | |
r-oldrel-macos-arm64 | 1.0.8 | 59.00 | NOTE | |||
r-oldrel-macos-x86_64 | 1.0.8 | 103.00 | NOTE | |||
r-oldrel-windows-ix86+x86_64 | 1.0.8 | 253.00 | 101.00 | 354.00 | OK |
Version: 1.0.8
Check: C++ specification
Result: NOTE
Specified C++11: please drop specification unless essential
Flavors: r-devel-linux-x86_64-debian-clang, r-devel-linux-x86_64-debian-gcc, r-devel-linux-x86_64-fedora-clang, r-devel-linux-x86_64-fedora-gcc, r-devel-windows-x86_64, r-patched-linux-x86_64
Version: 1.0.8
Check: installed package size
Result: NOTE
installed size is 5.5Mb
sub-directories of 1Mb or more:
libs 5.3Mb
Flavors: r-release-macos-arm64, r-release-macos-x86_64, r-oldrel-macos-arm64, r-oldrel-macos-x86_64