Last updated on 2023-02-03 04:50:41 CET.
Flavor | Version | Tinstall | Tcheck | Ttotal | Status | Flags |
---|---|---|---|---|---|---|
r-devel-linux-x86_64-debian-clang | 1.4.3 | 13.25 | 104.22 | 117.47 | OK | |
r-devel-linux-x86_64-debian-gcc | 1.4.3 | 9.35 | 75.44 | 84.79 | OK | |
r-devel-linux-x86_64-fedora-clang | 1.4.3 | 141.90 | NOTE | |||
r-devel-linux-x86_64-fedora-gcc | 1.4.3 | 135.48 | NOTE | |||
r-devel-windows-x86_64 | 1.4.3 | 68.00 | 146.00 | 214.00 | OK | |
r-patched-linux-x86_64 | 1.4.3 | 17.22 | 97.25 | 114.47 | OK | |
r-release-linux-x86_64 | 1.4.3 | 11.58 | 98.37 | 109.95 | OK | |
r-release-macos-arm64 | 1.4.3 | 44.00 | NOTE | |||
r-release-macos-x86_64 | 1.4.3 | 73.00 | NOTE | |||
r-release-windows-x86_64 | 1.4.3 | 77.00 | 152.00 | 229.00 | OK | |
r-oldrel-macos-arm64 | 1.4.3 | 53.00 | NOTE | |||
r-oldrel-macos-x86_64 | 1.4.3 | 56.00 | NOTE | |||
r-oldrel-windows-ix86+x86_64 | 1.4.3 | 25.00 | 136.00 | 161.00 | OK |
Version: 1.4.3
Check: dependencies in R code
Result: NOTE
Namespaces in Imports field not imported from:
‘RColorBrewer’ ‘grid’ ‘purrr’
All declared Imports should be used.
Flavors: r-devel-linux-x86_64-fedora-clang, r-devel-linux-x86_64-fedora-gcc, r-release-macos-arm64, r-release-macos-x86_64, r-oldrel-macos-arm64, r-oldrel-macos-x86_64
Version: 1.4.3
Check: Rd cross-references
Result: NOTE
Undeclared packages ‘NetworkToolbox’, ‘SemNetCleaner’ in Rd xrefs
Flavor: r-devel-linux-x86_64-fedora-clang