Last updated on 2023-03-29 04:51:23 CEST.
Flavor | Version | Tinstall | Tcheck | Ttotal | Status | Flags |
---|---|---|---|---|---|---|
r-devel-linux-x86_64-debian-clang | 1.3.2 | 5.48 | 86.98 | 92.46 | WARN | |
r-devel-linux-x86_64-debian-gcc | 1.3.2 | 4.49 | 65.76 | 70.25 | WARN | |
r-devel-linux-x86_64-fedora-clang | 1.3.2 | 114.29 | WARN | |||
r-devel-linux-x86_64-fedora-gcc | 1.3.2 | 129.32 | WARN | |||
r-devel-windows-x86_64 | 1.3.2 | 75.00 | 0.00 | 75.00 | OK | |
r-patched-linux-x86_64 | 1.3.2 | 6.11 | 82.41 | 88.52 | WARN | |
r-release-linux-x86_64 | 1.3.2 | 5.42 | 83.40 | 88.82 | OK | |
r-release-macos-arm64 | 1.3.2 | 37.00 | OK | |||
r-release-macos-x86_64 | 1.3.2 | 57.00 | OK | |||
r-release-windows-x86_64 | 1.3.2 | 56.00 | 159.00 | 215.00 | OK | |
r-oldrel-macos-arm64 | 1.3.2 | 52.00 | OK | |||
r-oldrel-macos-x86_64 | 1.3.2 | 170.00 | OK | |||
r-oldrel-windows-ix86+x86_64 | 1.3.2 | 18.00 | 157.00 | 175.00 | OK |
Version: 1.3.2
Check: whether package can be installed
Result: WARN
Found the following significant warnings:
./init.h:28:19: warning: a function declaration without a prototype is deprecated in all versions of C [-Wstrict-prototypes]
./init.h:29:19: warning: a function declaration without a prototype is deprecated in all versions of C [-Wstrict-prototypes]
See ‘/home/hornik/tmp/R.check/r-devel-clang/Work/PKGS/SamplerCompare.Rcheck/00install.out’ for details.
* used C compiler: ‘Debian clang version 15.0.6’
* used Fortran compiler: ‘GNU Fortran (Debian 12.2.0-14) 12.2.0’
Flavor: r-devel-linux-x86_64-debian-clang
Version: 1.3.2
Check: whether package can be installed
Result: WARN
Found the following significant warnings:
init.h:28:1: warning: function declaration isn’t a prototype [-Wstrict-prototypes]
init.h:29:1: warning: function declaration isn’t a prototype [-Wstrict-prototypes]
See ‘/home/hornik/tmp/R.check/r-devel-gcc/Work/PKGS/SamplerCompare.Rcheck/00install.out’ for details.
* used C compiler: ‘gcc-12 (Debian 12.2.0-14) 12.2.0’
* used Fortran compiler: ‘GNU Fortran (Debian 12.2.0-14) 12.2.0’
Flavor: r-devel-linux-x86_64-debian-gcc
Version: 1.3.2
Check: whether package can be installed
Result: WARN
Found the following significant warnings:
./init.h:28:19: warning: a function declaration without a prototype is deprecated in all versions of C [-Wstrict-prototypes]
./init.h:29:19: warning: a function declaration without a prototype is deprecated in all versions of C [-Wstrict-prototypes]
See ‘/data/gannet/ripley/R/packages/tests-clang/SamplerCompare.Rcheck/00install.out’ for details.
* used C compiler: ‘clang version 16.0.0’
* used Fortran compiler: ‘GNU Fortran (GCC) 12.2.1 20221121 (Red Hat 12.2.1-4)’
Flavor: r-devel-linux-x86_64-fedora-clang
Version: 1.3.2
Check: whether package can be installed
Result: WARN
Found the following significant warnings:
init.h:28:1: warning: function declaration isn’t a prototype [-Wstrict-prototypes]
init.h:29:1: warning: function declaration isn’t a prototype [-Wstrict-prototypes]
See ‘/data/gannet/ripley/R/packages/tests-devel/SamplerCompare.Rcheck/00install.out’ for details.
* used C compiler: ‘gcc (GCC) 12.2.1 20221121 (Red Hat 12.2.1-4)’
* used Fortran compiler: ‘GNU Fortran (GCC) 12.2.1 20221121 (Red Hat 12.2.1-4)’
Flavor: r-devel-linux-x86_64-fedora-gcc
Version: 1.3.2
Check: whether package can be installed
Result: WARN
Found the following significant warnings:
init.h:28:1: warning: function declaration isn’t a prototype [-Wstrict-prototypes]
init.h:29:1: warning: function declaration isn’t a prototype [-Wstrict-prototypes]
See ‘/home/hornik/tmp/R.check/r-patched-gcc/Work/PKGS/SamplerCompare.Rcheck/00install.out’ for details.
* used C compiler: ‘gcc-11 (Debian 11.3.0-12) 11.3.0’
* used Fortran compiler: ‘GNU Fortran (Debian 11.3.0-12) 11.3.0’
Flavor: r-patched-linux-x86_64