Last updated on 2023-04-01 04:56:31 CEST.
Flavor | Version | Tinstall | Tcheck | Ttotal | Status | Flags |
---|---|---|---|---|---|---|
r-devel-linux-x86_64-debian-clang | 0.99.6 | 27.26 | 297.77 | 325.03 | OK | |
r-devel-linux-x86_64-debian-gcc | 0.99.6 | 20.03 | 219.98 | 240.01 | OK | |
r-devel-linux-x86_64-fedora-clang | 0.99.6 | 393.47 | NOTE | |||
r-devel-linux-x86_64-fedora-gcc | 0.99.6 | 411.52 | OK | |||
r-devel-windows-x86_64 | 0.99.6 | 70.00 | 351.00 | 421.00 | OK | |
r-patched-linux-x86_64 | 0.99.6 | 25.56 | 284.33 | 309.89 | OK | |
r-release-linux-x86_64 | 0.99.6 | 23.75 | 286.13 | 309.88 | OK | |
r-release-macos-arm64 | 0.99.6 | 84.00 | OK | |||
r-release-macos-x86_64 | 0.99.6 | 143.00 | OK | |||
r-release-windows-x86_64 | 0.99.6 | 55.00 | 347.00 | 402.00 | OK | |
r-oldrel-macos-arm64 | 0.99.6 | 89.00 | OK | |||
r-oldrel-macos-x86_64 | 0.99.6 | 148.00 | OK | |||
r-oldrel-windows-ix86+x86_64 | 0.99.6 | 59.00 | 360.00 | 419.00 | OK |
Version: 0.99.6
Check: package dependencies
Result: NOTE
Imports includes 22 non-default packages.
Importing from so many packages makes the package vulnerable to any of
them becoming unavailable. Move as many as possible to Suggests and
use conditionally.
Flavor: r-devel-linux-x86_64-fedora-clang