CRAN Package Check Results for Package SP2000

Last updated on 2023-03-30 04:55:24 CEST.

Flavor Version Tinstall Tcheck Ttotal Status Flags
r-devel-linux-x86_64-debian-clang 0.2.0 7.34 67.10 74.44 NOTE
r-devel-linux-x86_64-debian-gcc 0.2.0 5.27 49.90 55.17 NOTE
r-devel-linux-x86_64-fedora-clang 0.2.0 91.28 NOTE
r-devel-linux-x86_64-fedora-gcc 0.2.0 86.42 NOTE
r-devel-windows-x86_64 0.2.0 18.00 0.00 18.00 NOTE
r-patched-linux-x86_64 0.2.0 6.46 62.50 68.96 NOTE
r-release-linux-x86_64 0.2.0 4.91 61.13 66.04 NOTE
r-release-macos-arm64 0.2.0 26.00 NOTE
r-release-macos-x86_64 0.2.0 39.00 NOTE
r-release-windows-x86_64 0.2.0 16.00 95.00 111.00 NOTE
r-oldrel-macos-arm64 0.2.0 29.00 NOTE
r-oldrel-macos-x86_64 0.2.0 47.00 NOTE
r-oldrel-windows-ix86+x86_64 0.2.0 18.00 91.00 109.00 NOTE

Check Details

Version: 0.2.0
Check: LazyData
Result: NOTE
     'LazyData' is specified without a 'data' directory
Flavors: r-devel-linux-x86_64-debian-clang, r-devel-linux-x86_64-debian-gcc, r-devel-linux-x86_64-fedora-clang, r-devel-linux-x86_64-fedora-gcc, r-devel-windows-x86_64, r-patched-linux-x86_64, r-release-linux-x86_64, r-release-macos-arm64, r-release-macos-x86_64, r-release-windows-x86_64, r-oldrel-macos-arm64, r-oldrel-macos-x86_64, r-oldrel-windows-ix86+x86_64