Last updated on 2023-03-28 04:53:11 CEST.
Flavor | Version | Tinstall | Tcheck | Ttotal | Status | Flags |
---|---|---|---|---|---|---|
r-devel-linux-x86_64-debian-clang | 1.1.0 | 6.11 | 63.33 | 69.44 | OK | |
r-devel-linux-x86_64-debian-gcc | 1.1.0 | 5.00 | 48.25 | 53.25 | OK | |
r-devel-linux-x86_64-fedora-clang | 1.1.0 | 89.95 | OK | |||
r-devel-linux-x86_64-fedora-gcc | 1.1.0 | 96.40 | OK | |||
r-devel-windows-x86_64 | 1.1.0 | 24.00 | 101.00 | 125.00 | OK | |
r-patched-linux-x86_64 | 1.1.0 | 5.86 | 60.08 | 65.94 | OK | |
r-release-linux-x86_64 | 1.1.0 | 5.69 | 61.43 | 67.12 | OK | |
r-release-macos-arm64 | 1.1.0 | 33.00 | OK | |||
r-release-macos-x86_64 | 1.1.0 | 55.00 | OK | |||
r-release-windows-x86_64 | 1.1.0 | 22.00 | 107.00 | 129.00 | OK | |
r-oldrel-macos-arm64 | 1.1.0 | 28.00 | OK | |||
r-oldrel-macos-x86_64 | 1.1.0 | 42.00 | OK | |||
r-oldrel-windows-ix86+x86_64 | 1.1.0 | 14.00 | 93.00 | 107.00 | NOTE |
Version: 1.1.0
Check: R code for possible problems
Result: NOTE
Initiating curl with CURL_SSL_BACKEND: openssl
Flavor: r-oldrel-windows-ix86+x86_64