Last updated on 2023-02-01 04:52:08 CET.
Flavor | Version | Tinstall | Tcheck | Ttotal | Status | Flags |
---|---|---|---|---|---|---|
r-devel-linux-x86_64-debian-clang | 0.1.3 | 54.03 | 495.15 | 549.18 | OK | |
r-devel-linux-x86_64-debian-gcc | 0.1.3 | 42.32 | 373.14 | 415.46 | OK | |
r-devel-linux-x86_64-fedora-clang | 0.1.3 | 693.10 | NOTE | |||
r-devel-linux-x86_64-fedora-gcc | 0.1.3 | 696.52 | NOTE | |||
r-devel-windows-x86_64 | 0.1.3 | 62.00 | 526.00 | 588.00 | OK | |
r-patched-linux-x86_64 | 0.1.3 | 40.47 | 473.61 | 514.08 | OK | |
r-release-linux-x86_64 | 0.1.3 | 47.31 | 493.16 | 540.47 | OK | |
r-release-macos-arm64 | 0.1.3 | 173.00 | NOTE | |||
r-release-macos-x86_64 | 0.1.3 | 302.00 | NOTE | |||
r-release-windows-x86_64 | 0.1.3 | 68.00 | 539.00 | 607.00 | OK | |
r-oldrel-macos-arm64 | 0.1.3 | 254.00 | NOTE | |||
r-oldrel-macos-x86_64 | 0.1.3 | 218.00 | NOTE | |||
r-oldrel-windows-ix86+x86_64 | 0.1.3 | 111.00 | 498.00 | 609.00 | OK |
Version: 0.1.3
Check: dependencies in R code
Result: NOTE
Namespace in Imports field not imported from: ‘quadprog’
All declared Imports should be used.
Flavors: r-devel-linux-x86_64-fedora-clang, r-devel-linux-x86_64-fedora-gcc, r-release-macos-arm64, r-release-macos-x86_64, r-oldrel-macos-arm64, r-oldrel-macos-x86_64