Last updated on 2023-03-28 04:53:10 CEST.
Flavor | Version | Tinstall | Tcheck | Ttotal | Status | Flags |
---|---|---|---|---|---|---|
r-devel-linux-x86_64-debian-clang | 2.0-0.0 | 68.12 | 339.27 | 407.39 | OK | |
r-devel-linux-x86_64-debian-gcc | 2.0-0.0 | 53.58 | 245.02 | 298.60 | OK | |
r-devel-linux-x86_64-fedora-clang | 2.0-0.0 | 489.46 | NOTE | |||
r-devel-linux-x86_64-fedora-gcc | 2.0-0.0 | 530.19 | OK | |||
r-devel-windows-x86_64 | 2.0-0.0 | 74.00 | 359.00 | 433.00 | NOTE | |
r-patched-linux-x86_64 | 2.0-0.0 | 59.07 | 311.26 | 370.33 | OK | |
r-release-linux-x86_64 | 2.0-0.0 | 48.23 | 302.52 | 350.75 | OK | |
r-release-macos-arm64 | 2.0-0.0 | 106.00 | NOTE | |||
r-release-macos-x86_64 | 2.0-0.0 | 144.00 | NOTE | |||
r-release-windows-x86_64 | 2.0-0.0 | 86.00 | 332.00 | 418.00 | NOTE | |
r-oldrel-macos-arm64 | 2.0-0.0 | 107.00 | NOTE | |||
r-oldrel-macos-x86_64 | 2.0-0.0 | 148.00 | NOTE | |||
r-oldrel-windows-ix86+x86_64 | 2.0-0.0 | 110.00 | 319.00 | 429.00 | NOTE |
Version: 2.0-0.0
Check: package dependencies
Result: NOTE
Imports includes 22 non-default packages.
Importing from so many packages makes the package vulnerable to any of
them becoming unavailable. Move as many as possible to Suggests and
use conditionally.
Flavor: r-devel-linux-x86_64-fedora-clang
Version: 2.0-0.0
Check: installed package size
Result: NOTE
installed size is 7.4Mb
sub-directories of 1Mb or more:
R 1.3Mb
doc 5.0Mb
Flavors: r-devel-linux-x86_64-fedora-clang, r-devel-windows-x86_64, r-release-macos-arm64, r-release-macos-x86_64, r-release-windows-x86_64, r-oldrel-macos-arm64, r-oldrel-macos-x86_64, r-oldrel-windows-ix86+x86_64