Last updated on 2023-03-21 04:58:03 CET.
Flavor | Version | Tinstall | Tcheck | Ttotal | Status | Flags |
---|---|---|---|---|---|---|
r-devel-linux-x86_64-debian-clang | 1.1.3 | OK | ||||
r-devel-linux-x86_64-debian-gcc | 1.1.3 | 12.15 | 100.13 | 112.28 | OK | |
r-devel-linux-x86_64-fedora-clang | 1.1.3 | 198.56 | NOTE | |||
r-devel-linux-x86_64-fedora-gcc | 1.1.3 | 200.90 | OK | |||
r-devel-windows-x86_64 | 1.1.3 | 55.00 | 174.00 | 229.00 | OK | |
r-patched-linux-x86_64 | 1.1.3 | 18.97 | 127.10 | 146.07 | OK | |
r-release-linux-x86_64 | 1.1.3 | 13.48 | 129.11 | 142.59 | OK | |
r-release-macos-arm64 | 1.1.3 | 56.00 | OK | |||
r-release-macos-x86_64 | 1.1.3 | 71.00 | OK | |||
r-release-windows-x86_64 | 1.1.3 | 80.00 | 169.00 | 249.00 | OK | |
r-oldrel-macos-arm64 | 1.1.3 | 57.00 | OK | |||
r-oldrel-macos-x86_64 | 1.1.3 | 11.00 | ERROR | |||
r-oldrel-windows-ix86+x86_64 | 1.1.3 | 32.00 | 166.00 | 198.00 | NOTE |
Version: 1.1.3
Check: Rd cross-references
Result: NOTE
Undeclared package ‘cate’ in Rd xrefs
Flavor: r-devel-linux-x86_64-fedora-clang
Version: 1.1.3
Check: package dependencies
Result: ERROR
Package required and available but unsuitable version: ‘RBGL’
See section ‘The DESCRIPTION file’ in the ‘Writing R Extensions’
manual.
Flavor: r-oldrel-macos-x86_64
Version: 1.1.3
Check: dependencies in R code
Result: NOTE
Initiating curl with CURL_SSL_BACKEND: openssl
Flavor: r-oldrel-windows-ix86+x86_64