Last updated on 2023-03-22 04:52:56 CET.
Flavor | Version | Tinstall | Tcheck | Ttotal | Status | Flags |
---|---|---|---|---|---|---|
r-devel-linux-x86_64-debian-clang | 0.4.4 | 93.61 | 114.08 | 207.69 | NOTE | |
r-devel-linux-x86_64-debian-gcc | 0.4.4 | 76.27 | 85.80 | 162.07 | NOTE | |
r-devel-linux-x86_64-fedora-clang | 0.4.4 | 325.32 | NOTE | |||
r-devel-linux-x86_64-fedora-gcc | 0.4.4 | 311.36 | NOTE | |||
r-devel-windows-x86_64 | 0.4.4 | 238.00 | 188.00 | 426.00 | NOTE | |
r-patched-linux-x86_64 | 0.4.4 | 76.44 | 108.89 | 185.33 | OK | |
r-release-linux-x86_64 | 0.4.4 | 76.67 | 107.03 | 183.70 | OK | |
r-release-macos-arm64 | 0.4.4 | 87.00 | NOTE | |||
r-release-macos-x86_64 | 0.4.4 | 124.00 | NOTE | |||
r-release-windows-x86_64 | 0.4.4 | 183.00 | 196.00 | 379.00 | OK | |
r-oldrel-macos-arm64 | 0.4.4 | 96.00 | NOTE | |||
r-oldrel-macos-x86_64 | 0.4.4 | 119.00 | NOTE | |||
r-oldrel-windows-ix86+x86_64 | 0.4.4 | 245.00 | 193.00 | 438.00 | OK |
Version: 0.4.4
Check: C++ specification
Result: NOTE
Specified C++11: please drop specification unless essential
Flavors: r-devel-linux-x86_64-debian-clang, r-devel-linux-x86_64-debian-gcc, r-devel-linux-x86_64-fedora-clang, r-devel-linux-x86_64-fedora-gcc, r-devel-windows-x86_64
Version: 0.4.4
Check: installed package size
Result: NOTE
installed size is 9.9Mb
sub-directories of 1Mb or more:
libs 8.2Mb
yacas 1.3Mb
Flavors: r-release-macos-arm64, r-release-macos-x86_64, r-oldrel-macos-arm64, r-oldrel-macos-x86_64