CRAN Package Check Results for Package Rsconctdply

Last updated on 2023-03-24 04:52:39 CET.

Flavor Version Tinstall Tcheck Ttotal Status Flags
r-devel-linux-x86_64-debian-clang 0.1.3 1.55 19.29 20.84 NOTE
r-devel-linux-x86_64-debian-gcc 0.1.3 1.57 15.57 17.14 NOTE
r-devel-linux-x86_64-fedora-clang 0.1.3 28.20 NOTE
r-devel-linux-x86_64-fedora-gcc 0.1.3 27.49 NOTE
r-devel-windows-x86_64 0.1.3 14.00 45.00 59.00 NOTE
r-patched-linux-x86_64 0.1.3 1.72 20.33 22.05 NOTE
r-release-linux-x86_64 0.1.3 1.80 20.68 22.48 NOTE
r-release-macos-arm64 0.1.3 15.00 NOTE
r-release-macos-x86_64 0.1.3 26.00 NOTE
r-release-windows-x86_64 0.1.3 12.00 52.00 64.00 NOTE
r-oldrel-macos-arm64 0.1.3 16.00 NOTE
r-oldrel-macos-x86_64 0.1.3 26.00 NOTE
r-oldrel-windows-ix86+x86_64 0.1.3 6.00 52.00 58.00 NOTE

Check Details

Version: 0.1.3
Check: LazyData
Result: NOTE
     'LazyData' is specified without a 'data' directory
Flavors: r-devel-linux-x86_64-debian-clang, r-devel-linux-x86_64-debian-gcc, r-devel-linux-x86_64-fedora-clang, r-devel-linux-x86_64-fedora-gcc, r-devel-windows-x86_64, r-patched-linux-x86_64, r-release-linux-x86_64, r-release-macos-arm64, r-release-macos-x86_64, r-release-windows-x86_64, r-oldrel-macos-arm64, r-oldrel-macos-x86_64, r-oldrel-windows-ix86+x86_64

Version: 0.1.3
Check: dependencies in R code
Result: NOTE
    Namespace in Imports field not imported from: ‘dplyr’
     All declared Imports should be used.
Flavors: r-devel-linux-x86_64-fedora-clang, r-devel-linux-x86_64-fedora-gcc, r-release-macos-arm64, r-release-macos-x86_64, r-oldrel-macos-arm64, r-oldrel-macos-x86_64