Last updated on 2023-03-31 04:51:59 CEST.
Flavor | Version | Tinstall | Tcheck | Ttotal | Status | Flags |
---|---|---|---|---|---|---|
r-devel-linux-x86_64-debian-clang | 1.0.1 | 534.59 | 110.05 | 644.64 | NOTE | |
r-devel-linux-x86_64-debian-gcc | 1.0.2 | 535.56 | 114.38 | 649.94 | NOTE | |
r-devel-linux-x86_64-fedora-clang | 1.0.3 | 457.09 | NOTE | |||
r-devel-linux-x86_64-fedora-gcc | 1.0.3 | 592.98 | NOTE | |||
r-devel-windows-x86_64 | 1.0.1 | 413.00 | 214.00 | 627.00 | NOTE | |
r-patched-linux-x86_64 | 1.0.1 | 529.82 | 146.06 | 675.88 | NOTE | |
r-release-linux-x86_64 | 1.0.1 | 438.25 | 135.60 | 573.85 | NOTE | |
r-release-macos-arm64 | 1.0.1 | 207.00 | NOTE | |||
r-release-macos-x86_64 | 1.0.1 | 314.00 | NOTE | |||
r-release-windows-x86_64 | 1.0.1 | 2477.00 | 216.00 | 2693.00 | NOTE | |
r-oldrel-macos-arm64 | 1.0.1 | 241.00 | NOTE | |||
r-oldrel-macos-x86_64 | 1.0.1 | 309.00 | NOTE | |||
r-oldrel-windows-ix86+x86_64 | 1.0.3 | 511.00 | 169.00 | 680.00 | NOTE |
Version: 1.0.1
Check: for GNU extensions in Makefiles
Result: NOTE
GNU make is a SystemRequirements.
Flavors: r-devel-linux-x86_64-debian-clang, r-devel-windows-x86_64, r-patched-linux-x86_64, r-release-linux-x86_64, r-release-macos-arm64, r-release-macos-x86_64, r-release-windows-x86_64, r-oldrel-macos-arm64, r-oldrel-macos-x86_64
Version: 1.0.2
Check: for GNU extensions in Makefiles
Result: NOTE
GNU make is a SystemRequirements.
Flavor: r-devel-linux-x86_64-debian-gcc
Version: 1.0.3
Check: installed package size
Result: NOTE
installed size is 6.4Mb
sub-directories of 1Mb or more:
libs 5.7Mb
Flavor: r-devel-linux-x86_64-fedora-clang
Version: 1.0.3
Check: Rd cross-references
Result: NOTE
Undeclared package ‘extraDistr’ in Rd xrefs
Flavor: r-devel-linux-x86_64-fedora-clang
Version: 1.0.3
Check: for GNU extensions in Makefiles
Result: NOTE
GNU make is a SystemRequirements.
Flavors: r-devel-linux-x86_64-fedora-clang, r-devel-linux-x86_64-fedora-gcc, r-oldrel-windows-ix86+x86_64
Version: 1.0.1
Check: installed package size
Result: NOTE
installed size is 5.6Mb
sub-directories of 1Mb or more:
libs 5.0Mb
Flavors: r-devel-windows-x86_64, r-release-macos-arm64, r-release-macos-x86_64, r-release-windows-x86_64, r-oldrel-macos-arm64, r-oldrel-macos-x86_64