Last updated on 2023-03-28 04:53:09 CEST.
Flavor | Version | Tinstall | Tcheck | Ttotal | Status | Flags |
---|---|---|---|---|---|---|
r-devel-linux-x86_64-debian-clang | 2.3.2 | 40.72 | 125.17 | 165.89 | OK | |
r-devel-linux-x86_64-debian-gcc | 2.3.2 | 29.47 | 92.95 | 122.42 | OK | |
r-devel-linux-x86_64-fedora-clang | 2.3.2 | 231.88 | NOTE | |||
r-devel-linux-x86_64-fedora-gcc | 2.3.2 | 309.65 | OK | |||
r-devel-windows-x86_64 | 2.3.2 | 106.00 | 268.00 | 374.00 | OK | |
r-patched-linux-x86_64 | 2.3.2 | 32.05 | 118.87 | 150.92 | OK | |
r-release-linux-x86_64 | 2.3.2 | 30.44 | 115.25 | 145.69 | OK | |
r-release-macos-arm64 | 2.3.2 | 111.00 | OK | |||
r-release-macos-x86_64 | 2.3.2 | 158.00 | OK | |||
r-release-windows-x86_64 | 2.3.2 | 85.00 | 255.00 | 340.00 | OK | |
r-oldrel-macos-arm64 | 2.3.2 | 123.00 | OK | |||
r-oldrel-macos-x86_64 | 2.3.2 | 167.00 | OK | |||
r-oldrel-windows-ix86+x86_64 | 2.3.2 | 74.00 | 432.00 | 506.00 | OK |
Version: 2.3.2
Check: Rd cross-references
Result: NOTE
Undeclared packages ‘bridgesampling’, ‘metafor’, ‘extraDistr’ in Rd xrefs
Flavor: r-devel-linux-x86_64-fedora-clang