Last updated on 2023-03-28 04:53:08 CEST.
Flavor | Version | Tinstall | Tcheck | Ttotal | Status | Flags |
---|---|---|---|---|---|---|
r-devel-linux-x86_64-debian-clang | 2.0.7 | 1410.58 | 132.37 | 1542.95 | OK | |
r-devel-linux-x86_64-debian-gcc | 2.0.7 | 1055.88 | 101.01 | 1156.89 | OK | |
r-devel-linux-x86_64-fedora-clang | 2.0.7 | 2311.71 | NOTE | |||
r-devel-linux-x86_64-fedora-gcc | 2.0.7 | 2062.98 | OK | |||
r-patched-linux-x86_64 | 2.0.7 | 1132.65 | 127.47 | 1260.12 | OK | |
r-release-linux-x86_64 | 2.0.7 | 1136.82 | 120.96 | 1257.78 | OK | |
r-release-macos-arm64 | 2.0.7 | 357.00 | NOTE | |||
r-release-macos-x86_64 | 2.0.7 | 517.00 | NOTE | |||
r-release-windows-x86_64 | 2.0.7 | 1027.00 | 249.00 | 1276.00 | NOTE | |
r-oldrel-macos-arm64 | 2.0.7 | 339.00 | NOTE | |||
r-oldrel-macos-x86_64 | 2.0.7 | 526.00 | NOTE | |||
r-oldrel-windows-ix86+x86_64 | 2.0.7 | 3242.00 | 219.00 | 3461.00 | NOTE |
Version: 2.0.7
Check: installed package size
Result: NOTE
installed size is 5.1Mb
sub-directories of 1Mb or more:
libs 3.8Mb
Flavors: r-devel-linux-x86_64-fedora-clang, r-release-macos-arm64, r-release-macos-x86_64, r-release-windows-x86_64, r-oldrel-macos-arm64, r-oldrel-macos-x86_64, r-oldrel-windows-ix86+x86_64