Last updated on 2023-03-22 04:52:55 CET.
Flavor | Version | Tinstall | Tcheck | Ttotal | Status | Flags |
---|---|---|---|---|---|---|
r-devel-linux-x86_64-debian-clang | 1.0.1 | 5.11 | 35.38 | 40.49 | OK | |
r-devel-linux-x86_64-debian-gcc | 1.0.1 | 3.83 | 27.35 | 31.18 | OK | |
r-devel-linux-x86_64-fedora-clang | 1.0.1 | 49.89 | NOTE | |||
r-devel-linux-x86_64-fedora-gcc | 1.0.1 | 51.34 | OK | |||
r-devel-windows-x86_64 | 1.0.1 | 14.00 | 66.00 | 80.00 | NOTE | |
r-patched-linux-x86_64 | 1.0.1 | 3.92 | 34.89 | 38.81 | OK | |
r-release-linux-x86_64 | 1.0.1 | 4.80 | 34.77 | 39.57 | OK | |
r-release-macos-arm64 | 1.0.1 | 19.00 | NOTE | |||
r-release-macos-x86_64 | 1.0.1 | 29.00 | NOTE | |||
r-release-windows-x86_64 | 1.0.1 | 9.00 | 63.00 | 72.00 | NOTE | |
r-oldrel-macos-arm64 | 1.0.1 | 26.00 | NOTE | |||
r-oldrel-macos-x86_64 | 1.0.1 | 35.00 | NOTE | |||
r-oldrel-windows-ix86+x86_64 | 1.0.1 | 9.00 | 55.00 | 64.00 | NOTE |
Version: 1.0.1
Check: installed package size
Result: NOTE
installed size is 10.2Mb
sub-directories of 1Mb or more:
java 10.1Mb
Flavors: r-devel-linux-x86_64-fedora-clang, r-devel-windows-x86_64, r-release-macos-arm64, r-release-macos-x86_64, r-release-windows-x86_64, r-oldrel-macos-arm64, r-oldrel-macos-x86_64, r-oldrel-windows-ix86+x86_64