Last updated on 2023-03-23 04:53:30 CET.
Flavor | Version | Tinstall | Tcheck | Ttotal | Status | Flags |
---|---|---|---|---|---|---|
r-devel-linux-x86_64-debian-clang | 0.1.9-1 | 8.05 | 50.05 | 58.10 | NOTE | |
r-devel-linux-x86_64-debian-gcc | 0.1.9-1 | 5.44 | 38.06 | 43.50 | NOTE | |
r-devel-linux-x86_64-fedora-clang | 0.1.9-1 | 73.31 | NOTE | |||
r-devel-linux-x86_64-fedora-gcc | 0.1.9-1 | 71.64 | NOTE | |||
r-devel-windows-x86_64 | 0.1.9-1 | 19.00 | 83.00 | 102.00 | NOTE | |
r-patched-linux-x86_64 | 0.1.9-1 | 6.51 | 49.26 | 55.77 | NOTE | |
r-release-linux-x86_64 | 0.1.9-1 | 5.13 | 49.03 | 54.16 | NOTE | |
r-release-macos-arm64 | 0.1.9-1 | 20.00 | NOTE | |||
r-release-macos-x86_64 | 0.1.9-1 | 31.00 | NOTE | |||
r-release-windows-x86_64 | 0.1.9-1 | 23.00 | 83.00 | 106.00 | NOTE | |
r-oldrel-macos-arm64 | 0.1.9-1 | 21.00 | NOTE | |||
r-oldrel-macos-x86_64 | 0.1.9-1 | 37.00 | NOTE | |||
r-oldrel-windows-ix86+x86_64 | 0.1.9-1 | 16.00 | 80.00 | 96.00 | NOTE |
Version: 0.1.9-1
Check: LazyData
Result: NOTE
'LazyData' is specified without a 'data' directory
Flavors: r-devel-linux-x86_64-debian-clang, r-devel-linux-x86_64-debian-gcc, r-devel-linux-x86_64-fedora-clang, r-devel-linux-x86_64-fedora-gcc, r-devel-windows-x86_64, r-patched-linux-x86_64, r-release-linux-x86_64, r-release-macos-arm64, r-release-macos-x86_64, r-release-windows-x86_64, r-oldrel-macos-arm64, r-oldrel-macos-x86_64, r-oldrel-windows-ix86+x86_64
Version: 0.1.9-1
Check: R code for possible problems
Result: NOTE
Initiating curl with CURL_SSL_BACKEND: openssl
Flavor: r-oldrel-windows-ix86+x86_64