Last updated on 2023-03-30 04:55:20 CEST.
Flavor | Version | Tinstall | Tcheck | Ttotal | Status | Flags |
---|---|---|---|---|---|---|
r-devel-linux-x86_64-debian-clang | 1.1-47 | 26.13 | 195.20 | 221.33 | OK | |
r-devel-linux-x86_64-debian-gcc | 1.1-47 | 19.76 | 140.88 | 160.64 | OK | |
r-devel-linux-x86_64-fedora-clang | 1.1-47 | 277.18 | NOTE | |||
r-devel-linux-x86_64-fedora-gcc | 1.1-47 | 266.34 | OK | |||
r-devel-windows-x86_64 | 1.1-47 | 61.00 | 0.00 | 61.00 | OK | |
r-patched-linux-x86_64 | 1.1-47 | 23.46 | 185.18 | 208.64 | OK | |
r-release-linux-x86_64 | 1.1-47 | 23.90 | 187.01 | 210.91 | OK | |
r-release-macos-arm64 | 1.1-47 | 84.00 | OK | |||
r-release-macos-x86_64 | 1.1-47 | 188.00 | OK | |||
r-release-windows-x86_64 | 1.1-47 | 53.00 | 205.00 | 258.00 | OK | |
r-oldrel-macos-arm64 | 1.1-47 | 83.00 | OK | |||
r-oldrel-macos-x86_64 | 1.1-47 | 169.00 | OK | |||
r-oldrel-windows-ix86+x86_64 | 1.1-47 | 54.00 | 188.00 | 242.00 | OK |
Version: 1.1-47
Check: Rd cross-references
Result: NOTE
Undeclared packages ‘car’, ‘leaps’, ‘latticeExtra’, ‘rgl’ in Rd xrefs
Flavor: r-devel-linux-x86_64-fedora-clang