Last updated on 2023-03-24 04:52:37 CET.
Flavor | Version | Tinstall | Tcheck | Ttotal | Status | Flags |
---|---|---|---|---|---|---|
r-devel-linux-x86_64-debian-clang | 2.8-0 | 42.19 | 272.34 | 314.53 | OK | |
r-devel-linux-x86_64-debian-gcc | 2.8-0 | 37.23 | 196.98 | 234.21 | OK | |
r-devel-linux-x86_64-fedora-clang | 2.8-0 | 418.20 | NOTE | |||
r-devel-linux-x86_64-fedora-gcc | 2.8-0 | 392.69 | OK | |||
r-devel-windows-x86_64 | 2.8-0 | 104.00 | 376.00 | 480.00 | NOTE | |
r-patched-linux-x86_64 | 2.8-0 | 53.64 | 277.21 | 330.85 | OK | |
r-release-linux-x86_64 | 2.8-0 | 55.23 | 275.28 | 330.51 | OK | |
r-release-macos-arm64 | 2.8-0 | 83.00 | NOTE | |||
r-release-macos-x86_64 | 2.8-0 | 221.00 | NOTE | |||
r-release-windows-x86_64 | 2.8-0 | 194.00 | 291.00 | 485.00 | NOTE | |
r-oldrel-macos-arm64 | 2.8-0 | 72.00 | NOTE | |||
r-oldrel-macos-x86_64 | 2.8-0 | 210.00 | NOTE | |||
r-oldrel-windows-ix86+x86_64 | 2.8-0 | 79.00 | 324.00 | 403.00 | NOTE |
Version: 2.8-0
Check: installed package size
Result: NOTE
installed size is 7.7Mb
sub-directories of 1Mb or more:
R 1.2Mb
doc 3.3Mb
po 2.5Mb
Flavors: r-devel-linux-x86_64-fedora-clang, r-devel-windows-x86_64, r-release-macos-arm64, r-release-macos-x86_64, r-release-windows-x86_64, r-oldrel-macos-arm64, r-oldrel-macos-x86_64, r-oldrel-windows-ix86+x86_64