Last updated on 2021-02-24 04:47:22 CET.
Flavor | Version | Tinstall | Tcheck | Ttotal | Status | Flags |
---|---|---|---|---|---|---|
r-devel-linux-x86_64-debian-clang | 2.0.0 | 19.03 | 227.88 | 246.91 | OK | |
r-devel-linux-x86_64-debian-gcc | 2.0.0 | 13.23 | 168.38 | 181.61 | OK | |
r-devel-linux-x86_64-fedora-clang | 2.0.0 | 293.56 | NOTE | |||
r-devel-linux-x86_64-fedora-gcc | 2.0.0 | 282.39 | OK | |||
r-devel-windows-ix86+x86_64 | 2.0.0 | 27.00 | 190.00 | 217.00 | OK | |
r-patched-linux-x86_64 | 2.0.0 | 16.95 | 215.20 | 232.15 | OK | |
r-patched-solaris-x86 | 2.0.0 | 378.70 | OK | |||
r-release-linux-x86_64 | 2.0.0 | 15.73 | 215.55 | 231.28 | OK | |
r-release-macos-x86_64 | 2.0.0 | OK | ||||
r-release-windows-ix86+x86_64 | 2.0.0 | 38.00 | 266.00 | 304.00 | OK | |
r-oldrel-macos-x86_64 | 2.0.0 | OK | ||||
r-oldrel-windows-ix86+x86_64 | 2.0.0 | 22.00 | 264.00 | 286.00 | OK |
Version: 2.0.0
Check: Rd cross-references
Result: NOTE
Undeclared package ‘glmnet’ in Rd xrefs
Flavor: r-devel-linux-x86_64-fedora-clang