Last updated on 2023-04-02 04:51:52 CEST.
Flavor | Version | Tinstall | Tcheck | Ttotal | Status | Flags |
---|---|---|---|---|---|---|
r-devel-linux-x86_64-debian-clang | 0.9-81-2 | 20.01 | 141.04 | 161.05 | NOTE | |
r-devel-linux-x86_64-debian-gcc | 0.9-81-2 | 17.05 | 103.34 | 120.39 | NOTE | |
r-devel-linux-x86_64-fedora-clang | 0.9-81-2 | 215.08 | NOTE | |||
r-devel-linux-x86_64-fedora-gcc | 0.9-81-2 | 200.59 | NOTE | |||
r-devel-windows-x86_64 | 0.9-81-2 | 38.00 | 211.00 | 249.00 | NOTE | |
r-patched-linux-x86_64 | 0.9-81-2 | 28.33 | 134.99 | 163.32 | NOTE | |
r-release-linux-x86_64 | 0.9-81-2 | 17.97 | 128.22 | 146.19 | NOTE | |
r-release-macos-arm64 | 0.9-81-2 | 47.00 | NOTE | |||
r-release-macos-x86_64 | 0.9-81-2 | 82.00 | NOTE | |||
r-release-windows-x86_64 | 0.9-81-2 | 289.00 | 216.00 | 505.00 | NOTE | |
r-oldrel-macos-arm64 | 0.9-81-2 | 34.00 | NOTE | |||
r-oldrel-macos-x86_64 | 0.9-81-2 | 67.00 | NOTE | |||
r-oldrel-windows-ix86+x86_64 | 0.9-81-2 | 35.00 | 182.00 | 217.00 | NOTE |
Version: 0.9-81-2
Check: package dependencies
Result: NOTE
Package which this enhances but not available for checking: ‘glmmADMB’
Flavors: r-devel-linux-x86_64-debian-clang, r-devel-linux-x86_64-debian-gcc, r-devel-linux-x86_64-fedora-clang, r-devel-linux-x86_64-fedora-gcc, r-devel-windows-x86_64, r-patched-linux-x86_64, r-release-linux-x86_64, r-release-macos-arm64, r-release-macos-x86_64, r-release-windows-x86_64, r-oldrel-macos-arm64, r-oldrel-macos-x86_64, r-oldrel-windows-ix86+x86_64