Last updated on 2023-03-23 04:53:32 CET.
Flavor | Version | Tinstall | Tcheck | Ttotal | Status | Flags |
---|---|---|---|---|---|---|
r-devel-linux-x86_64-debian-clang | 0.4.32 | 4.04 | 38.21 | 42.25 | NOTE | |
r-devel-linux-x86_64-debian-gcc | 0.4.32 | 2.76 | 30.08 | 32.84 | NOTE | |
r-devel-linux-x86_64-fedora-clang | 0.4.32 | 55.86 | NOTE | |||
r-devel-linux-x86_64-fedora-gcc | 0.4.32 | 62.27 | NOTE | |||
r-devel-windows-x86_64 | 0.4.32 | 32.00 | 81.00 | 113.00 | NOTE | |
r-patched-linux-x86_64 | 0.4.32 | 4.31 | 38.10 | 42.41 | NOTE | |
r-release-linux-x86_64 | 0.4.32 | 3.36 | 38.68 | 42.04 | NOTE | |
r-release-macos-arm64 | 0.4.32 | 22.00 | OK | |||
r-release-macos-x86_64 | 0.4.32 | 32.00 | OK | |||
r-release-windows-x86_64 | 0.4.32 | 24.00 | 85.00 | 109.00 | OK | |
r-oldrel-macos-arm64 | 0.4.32 | 27.00 | OK | |||
r-oldrel-macos-x86_64 | 0.4.32 | 39.00 | OK | |||
r-oldrel-windows-ix86+x86_64 | 0.4.32 | 8.00 | 70.00 | 78.00 | OK |
Version: 0.4.32
Check: Rd files
Result: NOTE
checkRd: (-1) tracker.Rd:70: Escaped LaTeX specials: \&
checkRd: (-1) tracker.Rd:73: Escaped LaTeX specials: \&
Flavors: r-devel-linux-x86_64-debian-clang, r-devel-linux-x86_64-debian-gcc, r-devel-linux-x86_64-fedora-clang, r-devel-linux-x86_64-fedora-gcc, r-devel-windows-x86_64
Version: 0.4.32
Check: Rd \usage sections
Result: NOTE
S3 methods shown with full name in documentation object ‘printHTML.trackInfo’:
‘printHTML.trackInfo’
The \usage entries for S3 methods should use the \method markup and not
their full name.
See chapter ‘Writing R documentation files’ in the ‘Writing R
Extensions’ manual.
Flavors: r-devel-linux-x86_64-debian-clang, r-devel-linux-x86_64-debian-gcc, r-devel-linux-x86_64-fedora-clang, r-devel-linux-x86_64-fedora-gcc, r-devel-windows-x86_64
Version: 0.4.32
Check: for non-standard things in the check directory
Result: NOTE
Found the following files/directories:
‘results’
Flavors: r-devel-linux-x86_64-debian-clang, r-devel-linux-x86_64-debian-gcc, r-devel-linux-x86_64-fedora-clang, r-devel-linux-x86_64-fedora-gcc, r-patched-linux-x86_64, r-release-linux-x86_64