CRAN Package Check Results for Package RSurveillance

Last updated on 2023-03-27 04:53:23 CEST.

Flavor Version Tinstall Tcheck Ttotal Status Flags
r-devel-linux-x86_64-debian-clang 0.2.1 3.19 50.21 53.40 OK
r-devel-linux-x86_64-debian-gcc 0.2.1 3.39 38.17 41.56 OK
r-devel-linux-x86_64-fedora-gcc 0.2.1 69.04 NOTE
r-devel-windows-x86_64 0.2.1 66.00 91.00 157.00 OK
r-patched-linux-x86_64 0.2.1 5.29 47.25 52.54 OK
r-release-linux-x86_64 0.2.1 4.01 47.65 51.66 OK
r-release-macos-arm64 0.2.1 21.00 NOTE
r-release-macos-x86_64 0.2.1 32.00 NOTE
r-release-windows-x86_64 0.2.1 75.00 84.00 159.00 OK
r-oldrel-macos-arm64 0.2.1 26.00 NOTE
r-oldrel-macos-x86_64 0.2.1 39.00 NOTE
r-oldrel-windows-ix86+x86_64 0.2.1 11.00 78.00 89.00 NOTE

Check Details

Version: 0.2.1
Check: dependencies in R code
Result: NOTE
    Namespace in Imports field not imported from: ‘mc2d’
     All declared Imports should be used.
Flavors: r-devel-linux-x86_64-fedora-gcc, r-release-macos-arm64, r-release-macos-x86_64, r-oldrel-macos-arm64, r-oldrel-macos-x86_64

Version: 0.2.1
Check: dependencies in R code
Result: NOTE
    Initiating curl with CURL_SSL_BACKEND: openssl
Flavor: r-oldrel-windows-ix86+x86_64