CRAN Package Check Results for Package RSAGA

Last updated on 2022-12-01 04:52:02 CET.

Flavor Version Tinstall Tcheck Ttotal Status Flags
r-devel-linux-x86_64-debian-clang 1.3.0 10.43 94.50 104.93 OK
r-devel-linux-x86_64-debian-gcc 1.3.0 8.92 72.19 81.11 OK
r-devel-linux-x86_64-fedora-clang 1.3.0 145.64 NOTE
r-devel-linux-x86_64-fedora-gcc 1.3.0 145.88 OK
r-devel-windows-x86_64 1.3.0 38.00 136.00 174.00 OK
r-patched-linux-x86_64 1.3.0 12.07 83.93 96.00 OK
r-release-linux-x86_64 1.3.0 9.23 85.62 94.85 OK
r-release-macos-arm64 1.3.0 37.00 OK
r-release-macos-x86_64 1.3.0 49.00 OK
r-release-windows-x86_64 1.3.0 23.00 123.00 146.00 OK
r-oldrel-macos-arm64 1.3.0 43.00 OK
r-oldrel-macos-x86_64 1.3.0 66.00 OK
r-oldrel-windows-ix86+x86_64 1.3.0 21.00 116.00 137.00 OK

Check Details

Version: 1.3.0
Check: Rd cross-references
Result: NOTE
    Undeclared package ‘sp’ in Rd xrefs
Flavor: r-devel-linux-x86_64-fedora-clang