Last updated on 2023-04-01 04:56:28 CEST.
Flavor | Version | Tinstall | Tcheck | Ttotal | Status | Flags |
---|---|---|---|---|---|---|
r-devel-linux-x86_64-debian-clang | 1.0-0 | 5.32 | 75.18 | 80.50 | OK | |
r-devel-linux-x86_64-debian-gcc | 1.0-0 | 5.09 | 54.38 | 59.47 | OK | |
r-devel-linux-x86_64-fedora-clang | 1.0-0 | 98.99 | OK | |||
r-devel-linux-x86_64-fedora-gcc | 1.0-0 | 113.34 | OK | |||
r-devel-windows-x86_64 | 1.0-0 | 48.00 | 0.00 | 48.00 | OK | |
r-patched-linux-x86_64 | 1.0-0 | 5.90 | 72.33 | 78.23 | OK | |
r-release-linux-x86_64 | 1.0-0 | 5.84 | 70.23 | 76.07 | OK | |
r-release-macos-arm64 | 1.0-0 | 28.00 | OK | |||
r-release-macos-x86_64 | 1.0-0 | 39.00 | OK | |||
r-release-windows-x86_64 | 1.0-0 | 44.00 | 122.00 | 166.00 | OK | |
r-oldrel-macos-arm64 | 1.0-0 | 40.00 | OK | |||
r-oldrel-macos-x86_64 | 1.0-0 | 55.00 | OK | |||
r-oldrel-windows-ix86+x86_64 | 1.0-0 | 15.00 | 101.00 | 116.00 | NOTE |
Version: 1.0-0
Check: R code for possible problems
Result: NOTE
Initiating curl with CURL_SSL_BACKEND: openssl
Flavor: r-oldrel-windows-ix86+x86_64