Last updated on 2023-02-08 04:52:10 CET.
Flavor | Version | Tinstall | Tcheck | Ttotal | Status | Flags |
---|---|---|---|---|---|---|
r-devel-linux-x86_64-debian-clang | 1.0.10 | 15.40 | 115.32 | 130.72 | OK | |
r-devel-linux-x86_64-debian-gcc | 1.0.10 | 13.27 | 83.35 | 96.62 | OK | |
r-devel-linux-x86_64-fedora-clang | 1.0.10 | 167.04 | NOTE | |||
r-devel-linux-x86_64-fedora-gcc | 1.0.10 | 159.37 | OK | |||
r-devel-windows-x86_64 | 1.0.10 | 26.00 | 126.00 | 152.00 | OK | |
r-patched-linux-x86_64 | 1.0.10 | 30.36 | 121.55 | 151.91 | OK | |
r-release-linux-x86_64 | 1.0.10 | 16.42 | 124.69 | 141.11 | OK | |
r-release-macos-arm64 | 1.0.10 | 85.00 | OK | |||
r-release-macos-x86_64 | 1.0.10 | 150.00 | OK | |||
r-release-windows-x86_64 | 1.0.10 | 32.00 | 149.00 | 181.00 | OK | |
r-oldrel-macos-arm64 | 1.0.10 | 73.00 | OK | |||
r-oldrel-macos-x86_64 | 1.0.10 | 91.00 | OK | |||
r-oldrel-windows-ix86+x86_64 | 1.0.10 | 34.00 | 121.00 | 155.00 | OK |
Version: 1.0.10
Check: Rd cross-references
Result: NOTE
Undeclared packages ‘fossil’, ‘raster’ in Rd xrefs
Flavor: r-devel-linux-x86_64-fedora-clang